/*
Navicat PGSQL Data Transfer

Source Server         : IWAY-Server:5432
Source Server Version : 90223
Source Host           : 10.50.1.28:5432
Source Database       : radius
Source Schema         : public

Target Server Type    : PGSQL
Target Server Version : 90223
File Encoding         : 65001

Date: 2018-07-03 21:37:06
*/


-- ----------------------------
-- Sequence structure for "public"."auth_group_id_seq"
-- ----------------------------
-- DROP SEQUENCE "public"."auth_group_id_seq";
CREATE SEQUENCE "public"."auth_group_id_seq"
 INCREMENT 1
 MINVALUE 1
 MAXVALUE 9223372036854775807
 START 1
 CACHE 1;

-- ----------------------------
-- Sequence structure for "public"."auth_group_permissions_id_seq"
-- ----------------------------
-- DROP SEQUENCE "public"."auth_group_permissions_id_seq";
CREATE SEQUENCE "public"."auth_group_permissions_id_seq"
 INCREMENT 1
 MINVALUE 1
 MAXVALUE 9223372036854775807
 START 1
 CACHE 1;

-- ----------------------------
-- Sequence structure for "public"."auth_permission_id_seq"
-- ----------------------------
-- DROP SEQUENCE "public"."auth_permission_id_seq";
CREATE SEQUENCE "public"."auth_permission_id_seq"
 INCREMENT 1
 MINVALUE 1
 MAXVALUE 9223372036854775807
 START 1
 CACHE 1;

-- ----------------------------
-- Sequence structure for "public"."auth_user_groups_id_seq"
-- ----------------------------
-- DROP SEQUENCE "public"."auth_user_groups_id_seq";
CREATE SEQUENCE "public"."auth_user_groups_id_seq"
 INCREMENT 1
 MINVALUE 1
 MAXVALUE 9223372036854775807
 START 1
 CACHE 1;

-- ----------------------------
-- Sequence structure for "public"."auth_user_id_seq"
-- ----------------------------
-- DROP SEQUENCE "public"."auth_user_id_seq";
CREATE SEQUENCE "public"."auth_user_id_seq"
 INCREMENT 1
 MINVALUE 1
 MAXVALUE 9223372036854775807
 START 1
 CACHE 1;

-- ----------------------------
-- Sequence structure for "public"."auth_user_user_permissions_id_seq"
-- ----------------------------
-- DROP SEQUENCE "public"."auth_user_user_permissions_id_seq";
CREATE SEQUENCE "public"."auth_user_user_permissions_id_seq"
 INCREMENT 1
 MINVALUE 1
 MAXVALUE 9223372036854775807
 START 1
 CACHE 1;

-- ----------------------------
-- Sequence structure for "public"."nas_id_seq"
-- ----------------------------
-- DROP SEQUENCE "public"."nas_id_seq";
CREATE SEQUENCE "public"."nas_id_seq"
 INCREMENT 1
 MINVALUE 1
 MAXVALUE 9223372036854775807
 START 1
 CACHE 1;

-- ----------------------------
-- Sequence structure for "public"."radacct_radacctid_seq"
-- ----------------------------
-- DROP SEQUENCE "public"."radacct_radacctid_seq";
CREATE SEQUENCE "public"."radacct_radacctid_seq"
 INCREMENT 1
 MINVALUE 1
 MAXVALUE 9223372036854775807
 START 12
 CACHE 1;

-- ----------------------------
-- Sequence structure for "public"."radcheck_id_seq"
-- ----------------------------
-- DROP SEQUENCE "public"."radcheck_id_seq";
CREATE SEQUENCE "public"."radcheck_id_seq"
 INCREMENT 1
 MINVALUE 1
 MAXVALUE 9223372036854775807
 START 57
 CACHE 1;

-- ----------------------------
-- Sequence structure for "public"."radgroupcheck_id_seq"
-- ----------------------------
-- DROP SEQUENCE "public"."radgroupcheck_id_seq";
CREATE SEQUENCE "public"."radgroupcheck_id_seq"
 INCREMENT 1
 MINVALUE 1
 MAXVALUE 9223372036854775807
 START 1
 CACHE 1;

-- ----------------------------
-- Sequence structure for "public"."radgroupreply_id_seq"
-- ----------------------------
-- DROP SEQUENCE "public"."radgroupreply_id_seq";
CREATE SEQUENCE "public"."radgroupreply_id_seq"
 INCREMENT 1
 MINVALUE 1
 MAXVALUE 9223372036854775807
 START 1
 CACHE 1;

-- ----------------------------
-- Sequence structure for "public"."radiusgroupusers_radius_check_id_seq"
-- ----------------------------
-- DROP SEQUENCE "public"."radiusgroupusers_radius_check_id_seq";
CREATE SEQUENCE "public"."radiusgroupusers_radius_check_id_seq"
 INCREMENT 1
 MINVALUE 1
 MAXVALUE 9223372036854775807
 START 1
 CACHE 1;

-- ----------------------------
-- Sequence structure for "public"."radiusgroupusers_radius_reply_id_seq"
-- ----------------------------
-- DROP SEQUENCE "public"."radiusgroupusers_radius_reply_id_seq";
CREATE SEQUENCE "public"."radiusgroupusers_radius_reply_id_seq"
 INCREMENT 1
 MINVALUE 1
 MAXVALUE 9223372036854775807
 START 1
 CACHE 1;

-- ----------------------------
-- Sequence structure for "public"."radpostauth_id_seq"
-- ----------------------------
-- DROP SEQUENCE "public"."radpostauth_id_seq";
CREATE SEQUENCE "public"."radpostauth_id_seq"
 INCREMENT 1
 MINVALUE 1
 MAXVALUE 9223372036854775807
 START 1
 CACHE 1;

-- ----------------------------
-- Sequence structure for "public"."radreply_id_seq"
-- ----------------------------
-- DROP SEQUENCE "public"."radreply_id_seq";
CREATE SEQUENCE "public"."radreply_id_seq"
 INCREMENT 1
 MINVALUE 1
 MAXVALUE 2147483647
 START 150
 CACHE 1;

-- ----------------------------
-- Sequence structure for "public"."radusergroup_id_seq"
-- ----------------------------
-- DROP SEQUENCE "public"."radusergroup_id_seq";
CREATE SEQUENCE "public"."radusergroup_id_seq"
 INCREMENT 1
 MINVALUE 1
 MAXVALUE 9223372036854775807
 START 1
 CACHE 1;

-- ----------------------------
-- Table structure for "public"."auth_group"
-- ----------------------------
-- DROP TABLE "public"."auth_group";
CREATE TABLE "public"."auth_group" (
"id" int4 NOT NULL,
"name" varchar(80) NOT NULL
)
WITH (OIDS=FALSE)

;

-- ----------------------------
-- Records of auth_group
-- ----------------------------

-- ----------------------------
-- Table structure for "public"."auth_group_permissions"
-- ----------------------------
-- DROP TABLE "public"."auth_group_permissions";
CREATE TABLE "public"."auth_group_permissions" (
"id" int4 NOT NULL,
"group_id" int4 NOT NULL,
"permission_id" int4 NOT NULL
)
WITH (OIDS=FALSE)

;

-- ----------------------------
-- Records of auth_group_permissions
-- ----------------------------

-- ----------------------------
-- Table structure for "public"."auth_permission"
-- ----------------------------
-- DROP TABLE "public"."auth_permission";
CREATE TABLE "public"."auth_permission" (
"id" int4 NOT NULL,
"name" varchar(255) NOT NULL,
"content_type_id" int4 NOT NULL,
"codename" varchar(100) NOT NULL
)
WITH (OIDS=FALSE)

;

-- ----------------------------
-- Records of auth_permission
-- ----------------------------
INSERT INTO "public"."auth_permission" VALUES ('1', 'Can add log entry', '1', 'add_logentry');
INSERT INTO "public"."auth_permission" VALUES ('2', 'Can change log entry', '1', 'change_logentry');
INSERT INTO "public"."auth_permission" VALUES ('3', 'Can delete log entry', '1', 'delete_logentry');
INSERT INTO "public"."auth_permission" VALUES ('4', 'Can add permission', '2', 'add_permission');
INSERT INTO "public"."auth_permission" VALUES ('5', 'Can change permission', '2', 'change_permission');
INSERT INTO "public"."auth_permission" VALUES ('6', 'Can delete permission', '2', 'delete_permission');
INSERT INTO "public"."auth_permission" VALUES ('7', 'Can add group', '3', 'add_group');
INSERT INTO "public"."auth_permission" VALUES ('8', 'Can change group', '3', 'change_group');
INSERT INTO "public"."auth_permission" VALUES ('9', 'Can delete group', '3', 'delete_group');
INSERT INTO "public"."auth_permission" VALUES ('10', 'Can add user', '4', 'add_user');
INSERT INTO "public"."auth_permission" VALUES ('11', 'Can change user', '4', 'change_user');
INSERT INTO "public"."auth_permission" VALUES ('12', 'Can delete user', '4', 'delete_user');
INSERT INTO "public"."auth_permission" VALUES ('13', 'Can add content type', '5', 'add_contenttype');
INSERT INTO "public"."auth_permission" VALUES ('14', 'Can change content type', '5', 'change_contenttype');
INSERT INTO "public"."auth_permission" VALUES ('15', 'Can delete content type', '5', 'delete_contenttype');
INSERT INTO "public"."auth_permission" VALUES ('16', 'Can add session', '6', 'add_session');
INSERT INTO "public"."auth_permission" VALUES ('17', 'Can change session', '6', 'change_session');
INSERT INTO "public"."auth_permission" VALUES ('18', 'Can delete session', '6', 'delete_session');
INSERT INTO "public"."auth_permission" VALUES ('19', 'Can add NAS', '7', 'add_nas');
INSERT INTO "public"."auth_permission" VALUES ('20', 'Can change NAS', '7', 'change_nas');
INSERT INTO "public"."auth_permission" VALUES ('21', 'Can delete NAS', '7', 'delete_nas');
INSERT INTO "public"."auth_permission" VALUES ('22', 'Can add accounting', '8', 'add_radiusaccounting');
INSERT INTO "public"."auth_permission" VALUES ('23', 'Can change accounting', '8', 'change_radiusaccounting');
INSERT INTO "public"."auth_permission" VALUES ('24', 'Can delete accounting', '8', 'delete_radiusaccounting');
INSERT INTO "public"."auth_permission" VALUES ('25', 'Can add radius check', '9', 'add_radiuscheck');
INSERT INTO "public"."auth_permission" VALUES ('26', 'Can change radius check', '9', 'change_radiuscheck');
INSERT INTO "public"."auth_permission" VALUES ('27', 'Can delete radius check', '9', 'delete_radiuscheck');
INSERT INTO "public"."auth_permission" VALUES ('28', 'Can add radius group', '10', 'add_radiusgroup');
INSERT INTO "public"."auth_permission" VALUES ('29', 'Can change radius group', '10', 'change_radiusgroup');
INSERT INTO "public"."auth_permission" VALUES ('30', 'Can delete radius group', '10', 'delete_radiusgroup');
INSERT INTO "public"."auth_permission" VALUES ('31', 'Can add radius group check', '11', 'add_radiusgroupcheck');
INSERT INTO "public"."auth_permission" VALUES ('32', 'Can change radius group check', '11', 'change_radiusgroupcheck');
INSERT INTO "public"."auth_permission" VALUES ('33', 'Can delete radius group check', '11', 'delete_radiusgroupcheck');
INSERT INTO "public"."auth_permission" VALUES ('34', 'Can add radius group reply', '12', 'add_radiusgroupreply');
INSERT INTO "public"."auth_permission" VALUES ('35', 'Can change radius group reply', '12', 'change_radiusgroupreply');
INSERT INTO "public"."auth_permission" VALUES ('36', 'Can delete radius group reply', '12', 'delete_radiusgroupreply');
INSERT INTO "public"."auth_permission" VALUES ('37', 'Can add radius group users', '13', 'add_radiusgroupusers');
INSERT INTO "public"."auth_permission" VALUES ('38', 'Can change radius group users', '13', 'change_radiusgroupusers');
INSERT INTO "public"."auth_permission" VALUES ('39', 'Can delete radius group users', '13', 'delete_radiusgroupusers');
INSERT INTO "public"."auth_permission" VALUES ('40', 'Can add radius post authentication log', '14', 'add_radiuspostauth');
INSERT INTO "public"."auth_permission" VALUES ('41', 'Can change radius post authentication log', '14', 'change_radiuspostauth');
INSERT INTO "public"."auth_permission" VALUES ('42', 'Can delete radius post authentication log', '14', 'delete_radiuspostauth');
INSERT INTO "public"."auth_permission" VALUES ('43', 'Can add radius reply', '15', 'add_radiusreply');
INSERT INTO "public"."auth_permission" VALUES ('44', 'Can change radius reply', '15', 'change_radiusreply');
INSERT INTO "public"."auth_permission" VALUES ('45', 'Can delete radius reply', '15', 'delete_radiusreply');
INSERT INTO "public"."auth_permission" VALUES ('46', 'Can add radius user group association', '16', 'add_radiususergroup');
INSERT INTO "public"."auth_permission" VALUES ('47', 'Can change radius user group association', '16', 'change_radiususergroup');
INSERT INTO "public"."auth_permission" VALUES ('48', 'Can delete radius user group association', '16', 'delete_radiususergroup');

-- ----------------------------
-- Table structure for "public"."auth_user"
-- ----------------------------
-- DROP TABLE "public"."auth_user";
CREATE TABLE "public"."auth_user" (
"id" int4 NOT NULL,
"password" varchar(128) NOT NULL,
"last_login" timestamptz(6),
"is_superuser" bool NOT NULL,
"username" varchar(150) NOT NULL,
"first_name" varchar(30) NOT NULL,
"last_name" varchar(150) NOT NULL,
"email" varchar(254) NOT NULL,
"is_staff" bool NOT NULL,
"is_active" bool NOT NULL,
"date_joined" timestamptz(6) NOT NULL
)
WITH (OIDS=FALSE)

;

-- ----------------------------
-- Records of auth_user
-- ----------------------------
INSERT INTO "public"."auth_user" VALUES ('1', 'pbkdf2_sha256$100000$OJm9ZkZUOdzk$gDB4VrSNDz0RNnpxi3pMEXxvUd2dZJfRNMpYfglX7HY=', '2018-05-07 15:19:56.463263-05', 't', 'developer', '', '', '', 't', 't', '2018-04-27 18:58:02.261168-05');
INSERT INTO "public"."auth_user" VALUES ('2', 'pbkdf2_sha256$100000$HDFaVGEW7GSY$QXwWILJEC2JumB8B3PigOHJ9rcdCpu7mrO832ajx7AU=', null, 'f', '48575443B8E8CC9B', '', '', '', 'f', 't', '2018-04-28 18:05:49.872566-05');

-- ----------------------------
-- Table structure for "public"."auth_user_groups"
-- ----------------------------
-- DROP TABLE "public"."auth_user_groups";
CREATE TABLE "public"."auth_user_groups" (
"id" int4 NOT NULL,
"user_id" int4 NOT NULL,
"group_id" int4 NOT NULL
)
WITH (OIDS=FALSE)

;

-- ----------------------------
-- Records of auth_user_groups
-- ----------------------------

-- ----------------------------
-- Table structure for "public"."auth_user_user_permissions"
-- ----------------------------
-- DROP TABLE "public"."auth_user_user_permissions";
CREATE TABLE "public"."auth_user_user_permissions" (
"id" int4 NOT NULL,
"user_id" int4 NOT NULL,
"permission_id" int4 NOT NULL
)
WITH (OIDS=FALSE)

;

-- ----------------------------
-- Records of auth_user_user_permissions
-- ----------------------------

-- ----------------------------
-- Table structure for "public"."django_admin_log"
-- ----------------------------
-- DROP TABLE "public"."django_admin_log";
CREATE TABLE "public"."django_admin_log" (
"id" int4 NOT NULL,
"action_time" timestamptz(6) NOT NULL,
"object_id" text,
"object_repr" varchar(200) NOT NULL,
"action_flag" int2 NOT NULL,
"change_message" text NOT NULL,
"content_type_id" int4,
"user_id" int4 NOT NULL
)
WITH (OIDS=FALSE)

;

-- ----------------------------
-- Records of django_admin_log
-- ----------------------------
INSERT INTO "public"."django_admin_log" VALUES ('1', '2018-04-27 18:59:15.481402-05', '1', '485754439B9D239B', '1', '[{"added": {}}]', '9', '1');
INSERT INTO "public"."django_admin_log" VALUES ('2', '2018-04-27 18:59:38.297952-05', '1', '485754439B9D239B', '2', '[{"changed": {"fields": ["new_value"]}}]', '9', '1');
INSERT INTO "public"."django_admin_log" VALUES ('3', '2018-04-28 17:54:12.462894-05', '1', 'Pruebas del Servicio', '1', '[{"added": {}}]', '7', '1');
INSERT INTO "public"."django_admin_log" VALUES ('4', '2018-04-28 18:05:49.964993-05', '2', '48575443B8E8CC9B', '1', '[{"added": {}}]', '4', '1');
INSERT INTO "public"."django_admin_log" VALUES ('5', '2018-05-02 10:13:08.716808-05', '2', 'BRAS', '1', '[{"added": {}}]', '7', '1');
INSERT INTO "public"."django_admin_log" VALUES ('6', '2018-05-02 10:20:22.930719-05', '2', 'BRAS', '2', '[{"changed": {"fields": ["type", "secret"]}}]', '7', '1');
INSERT INTO "public"."django_admin_log" VALUES ('7', '2018-05-02 10:26:53.043725-05', '1', '485754439B9D239B', '1', '[{"added": {}}]', '15', '1');
INSERT INTO "public"."django_admin_log" VALUES ('8', '2018-05-02 10:27:35.309693-05', '2', '485754439B9D239B', '1', '[{"added": {}}]', '15', '1');
INSERT INTO "public"."django_admin_log" VALUES ('9', '2018-05-02 10:29:26.391315-05', '1', 'netdial', '1', '[{"added": {}}]', '12', '1');
INSERT INTO "public"."django_admin_log" VALUES ('10', '2018-05-02 10:30:36.16594-05', '2', 'netdial', '1', '[{"added": {}}]', '12', '1');
INSERT INTO "public"."django_admin_log" VALUES ('11', '2018-05-03 14:44:08.670544-05', '2', '48575443FC0EED9A', '1', '[{"added": {}}]', '9', '1');
INSERT INTO "public"."django_admin_log" VALUES ('12', '2018-05-03 14:44:30.27262-05', '2', '48575443FC0EED9A', '2', '[{"changed": {"fields": ["new_value"]}}]', '9', '1');
INSERT INTO "public"."django_admin_log" VALUES ('13', '2018-05-03 14:46:33.677656-05', '1', '48575443FC0EED9A', '1', '[{"added": {}}]', '16', '1');
INSERT INTO "public"."django_admin_log" VALUES ('14', '2018-05-03 14:47:56.147506-05', '2', 'BRAS', '2', '[{"changed": {"fields": ["secret"]}}]', '7', '1');
INSERT INTO "public"."django_admin_log" VALUES ('15', '2018-05-03 14:50:59.704396-05', '2', 'netdial', '2', '[{"changed": {"fields": ["value"]}}]', '12', '1');
INSERT INTO "public"."django_admin_log" VALUES ('16', '2018-05-03 14:55:28.058007-05', '2', '10.12.0.1', '2', '[{"changed": {"fields": ["name"]}}]', '7', '1');
INSERT INTO "public"."django_admin_log" VALUES ('17', '2018-05-03 14:56:02.10222-05', '1', '127.0.0.1', '2', '[{"changed": {"fields": ["name"]}}]', '7', '1');
INSERT INTO "public"."django_admin_log" VALUES ('18', '2018-05-03 14:56:38.125715-05', '2', '10.12.0.1', '2', '[{"changed": {"fields": ["server"]}}]', '7', '1');
INSERT INTO "public"."django_admin_log" VALUES ('19', '2018-05-03 14:56:47.575935-05', '1', '127.0.0.1', '2', '[{"changed": {"fields": ["server"]}}]', '7', '1');
INSERT INTO "public"."django_admin_log" VALUES ('20', '2018-05-03 14:57:18.681199-05', '1', '127.0.0.1', '3', '', '7', '1');
INSERT INTO "public"."django_admin_log" VALUES ('21', '2018-05-03 15:01:07.465962-05', '2', '10.12.0.1', '2', '[{"changed": {"fields": ["short_name"]}}]', '7', '1');
INSERT INTO "public"."django_admin_log" VALUES ('22', '2018-05-03 15:13:14.483048-05', 'a8098c1a-f86e-11da-bd1a-00112444be1e', '48575443FC0EED9A', '1', '[{"added": {}}]', '13', '1');
INSERT INTO "public"."django_admin_log" VALUES ('23', '2018-05-03 15:18:50.697005-05', '3', '48575443FC0EED9A', '1', '[{"added": {}}]', '15', '1');
INSERT INTO "public"."django_admin_log" VALUES ('24', '2018-05-03 15:19:28.762238-05', '4', '48575443FC0EED9A', '1', '[{"added": {}}]', '15', '1');
INSERT INTO "public"."django_admin_log" VALUES ('25', '2018-05-03 15:25:11.178047-05', '4', '48575443FC0EED9A', '2', '[]', '15', '1');
INSERT INTO "public"."django_admin_log" VALUES ('26', '2018-05-03 15:28:07.274248-05', '2', '48575443FC0EED9A@iway', '2', '[{"changed": {"fields": ["username"]}}]', '9', '1');
INSERT INTO "public"."django_admin_log" VALUES ('27', '2018-05-03 15:28:16.971575-05', '1', '485754439B9D239B@iway', '2', '[{"changed": {"fields": ["username"]}}]', '9', '1');
INSERT INTO "public"."django_admin_log" VALUES ('28', '2018-05-03 15:29:20.602802-05', '1', '48575443FC0EED9A@iway', '2', '[{"changed": {"fields": ["username"]}}]', '16', '1');
INSERT INTO "public"."django_admin_log" VALUES ('29', '2018-05-03 15:29:33.915748-05', '4', '48575443FC0EED9A@iway', '2', '[{"changed": {"fields": ["username"]}}]', '15', '1');
INSERT INTO "public"."django_admin_log" VALUES ('30', '2018-05-03 15:29:44.395839-05', '3', '48575443FC0EED9A@iway', '2', '[{"changed": {"fields": ["username"]}}]', '15', '1');
INSERT INTO "public"."django_admin_log" VALUES ('31', '2018-05-03 15:30:04.487243-05', '2', '485754439B9D239B@iway', '2', '[{"changed": {"fields": ["username", "value", "attribute"]}}]', '15', '1');
INSERT INTO "public"."django_admin_log" VALUES ('32', '2018-05-03 15:30:15.398516-05', '1', '485754439B9D239B@iway', '2', '[{"changed": {"fields": ["username", "value"]}}]', '15', '1');
INSERT INTO "public"."django_admin_log" VALUES ('33', '2018-05-03 15:32:57.491032-05', '2', 'netdial', '2', '[{"changed": {"fields": ["value"]}}]', '12', '1');
INSERT INTO "public"."django_admin_log" VALUES ('34', '2018-05-03 15:33:02.704775-05', '1', 'netdial', '2', '[]', '12', '1');
INSERT INTO "public"."django_admin_log" VALUES ('35', '2018-05-03 15:56:23.570566-05', '2', '48575443FC0EED9A@iway', '2', '[{"changed": {"fields": ["new_value"]}}]', '9', '1');
INSERT INTO "public"."django_admin_log" VALUES ('36', '2018-05-03 16:34:50.93699-05', '3', '4857544383243F9B@iway', '1', '[{"added": {}}]', '9', '1');
INSERT INTO "public"."django_admin_log" VALUES ('37', '2018-05-03 16:35:54.890065-05', '2', '4857544383243F9B@iway', '1', '[{"added": {}}]', '16', '1');
INSERT INTO "public"."django_admin_log" VALUES ('38', '2018-05-03 16:36:18.248066-05', '3', '485754439B9D239B@iway', '1', '[{"added": {}}]', '16', '1');
INSERT INTO "public"."django_admin_log" VALUES ('39', '2018-05-03 16:36:58.248653-05', '5', '4857544383243F9B@iway', '1', '[{"added": {}}]', '15', '1');
INSERT INTO "public"."django_admin_log" VALUES ('40', '2018-05-03 16:37:08.99017-05', '4', '48575443FC0EED9A@iway', '2', '[{"changed": {"fields": ["op"]}}]', '15', '1');
INSERT INTO "public"."django_admin_log" VALUES ('41', '2018-05-03 16:37:18.650999-05', '3', '48575443FC0EED9A@iway', '2', '[]', '15', '1');
INSERT INTO "public"."django_admin_log" VALUES ('42', '2018-05-03 16:37:34.208488-05', '2', '485754439B9D239B@iway', '2', '[{"changed": {"fields": ["op"]}}]', '15', '1');
INSERT INTO "public"."django_admin_log" VALUES ('43', '2018-05-03 16:37:42.150507-05', '1', '485754439B9D239B@iway', '2', '[{"changed": {"fields": ["op"]}}]', '15', '1');
INSERT INTO "public"."django_admin_log" VALUES ('44', '2018-05-03 16:37:55.191882-05', '5', '4857544383243F9B@iway', '2', '[]', '15', '1');
INSERT INTO "public"."django_admin_log" VALUES ('45', '2018-05-03 16:38:14.269455-05', '6', '4857544383243F9B@iway', '1', '[{"added": {}}]', '15', '1');
INSERT INTO "public"."django_admin_log" VALUES ('46', '2018-05-03 16:39:16.331679-05', 'a8098c1a-f86e-11da-bd1a-00112444be1e', '48575443FC0EED9A@iway', '2', '[{"changed": {"fields": ["username"]}}]', '13', '1');
INSERT INTO "public"."django_admin_log" VALUES ('47', '2018-05-03 16:42:11.06456-05', '2', '4857544383243F9B@iway', '3', '', '16', '1');
INSERT INTO "public"."django_admin_log" VALUES ('48', '2018-05-03 16:43:12.745179-05', '4', '4857544383243F9B@iway', '1', '[{"added": {}}]', '16', '1');
INSERT INTO "public"."django_admin_log" VALUES ('49', '2018-05-03 16:44:07.469807-05', '3', '4857544383243F9B@iway', '2', '[{"changed": {"fields": ["new_value"]}}]', '9', '1');
INSERT INTO "public"."django_admin_log" VALUES ('50', '2018-05-03 16:54:42.294962-05', '6', '4857544383243F9B@iway', '2', '[{"changed": {"fields": ["op"]}}]', '15', '1');
INSERT INTO "public"."django_admin_log" VALUES ('51', '2018-05-03 16:54:49.02625-05', '5', '4857544383243F9B@iway', '2', '[{"changed": {"fields": ["op"]}}]', '15', '1');
INSERT INTO "public"."django_admin_log" VALUES ('52', '2018-05-03 16:54:55.806434-05', '4', '48575443FC0EED9A@iway', '2', '[{"changed": {"fields": ["op"]}}]', '15', '1');
INSERT INTO "public"."django_admin_log" VALUES ('53', '2018-05-03 16:55:02.06342-05', '3', '48575443FC0EED9A@iway', '2', '[{"changed": {"fields": ["op"]}}]', '15', '1');
INSERT INTO "public"."django_admin_log" VALUES ('54', '2018-05-03 16:55:08.959505-05', '2', '485754439B9D239B@iway', '2', '[{"changed": {"fields": ["op"]}}]', '15', '1');
INSERT INTO "public"."django_admin_log" VALUES ('55', '2018-05-03 16:55:14.708974-05', '1', '485754439B9D239B@iway', '2', '[{"changed": {"fields": ["op"]}}]', '15', '1');
INSERT INTO "public"."django_admin_log" VALUES ('56', '2018-05-03 17:23:06.911637-05', '5', '4857544383243F9B@iway', '2', '[{"changed": {"fields": ["attribute"]}}]', '15', '1');
INSERT INTO "public"."django_admin_log" VALUES ('57', '2018-05-03 17:23:18.028611-05', '6', '4857544383243F9B@iway', '2', '[]', '15', '1');
INSERT INTO "public"."django_admin_log" VALUES ('58', '2018-05-03 17:24:05.802031-05', '5', '4857544383243F9B@iway', '2', '[]', '15', '1');
INSERT INTO "public"."django_admin_log" VALUES ('59', '2018-05-03 17:24:16.381481-05', '4', '48575443FC0EED9A@iway', '2', '[{"changed": {"fields": ["attribute"]}}]', '15', '1');
INSERT INTO "public"."django_admin_log" VALUES ('60', '2018-05-03 17:24:22.314955-05', '3', '48575443FC0EED9A@iway', '2', '[]', '15', '1');
INSERT INTO "public"."django_admin_log" VALUES ('61', '2018-05-03 17:24:28.927932-05', '2', '485754439B9D239B@iway', '2', '[{"changed": {"fields": ["attribute"]}}]', '15', '1');
INSERT INTO "public"."django_admin_log" VALUES ('62', '2018-05-03 17:24:40.826334-05', '1', '485754439B9D239B@iway', '2', '[{"changed": {"fields": ["attribute"]}}]', '15', '1');
INSERT INTO "public"."django_admin_log" VALUES ('63', '2018-05-14 17:00:05.968226-05', '3', '4857544383243F9B', '2', '[{"changed": {"fields": ["username"]}}]', '9', '1');
INSERT INTO "public"."django_admin_log" VALUES ('64', '2018-05-14 17:00:14.614328-05', '2', '48575443FC0EED9A', '2', '[{"changed": {"fields": ["username"]}}]', '9', '1');
INSERT INTO "public"."django_admin_log" VALUES ('65', '2018-05-14 17:00:21.994499-05', '1', '485754439B9D239B', '2', '[{"changed": {"fields": ["username"]}}]', '9', '1');
INSERT INTO "public"."django_admin_log" VALUES ('66', '2018-05-14 17:05:04.165601-05', '4', '4857544383243F9B', '2', '[{"changed": {"fields": ["username"]}}]', '16', '1');
INSERT INTO "public"."django_admin_log" VALUES ('67', '2018-05-14 17:05:11.381284-05', '3', '485754439B9D239B', '2', '[{"changed": {"fields": ["username"]}}]', '16', '1');
INSERT INTO "public"."django_admin_log" VALUES ('68', '2018-05-14 17:05:18.645503-05', '1', '48575443FC0EED9A', '2', '[{"changed": {"fields": ["username"]}}]', '16', '1');
INSERT INTO "public"."django_admin_log" VALUES ('69', '2018-05-14 17:09:39.503069-05', '4', '4857544383243F9B@iway', '2', '[{"changed": {"fields": ["username"]}}]', '16', '1');
INSERT INTO "public"."django_admin_log" VALUES ('70', '2018-05-14 17:09:50.54408-05', '3', '485754439B9D239B@iway', '2', '[{"changed": {"fields": ["username"]}}]', '16', '1');
INSERT INTO "public"."django_admin_log" VALUES ('71', '2018-05-14 17:09:58.964872-05', '1', '48575443FC0EED9A@iway', '2', '[{"changed": {"fields": ["username"]}}]', '16', '1');
INSERT INTO "public"."django_admin_log" VALUES ('72', '2018-05-14 17:10:12.374229-05', '3', '4857544383243F9B@iway', '2', '[{"changed": {"fields": ["username"]}}]', '9', '1');
INSERT INTO "public"."django_admin_log" VALUES ('73', '2018-05-14 17:10:20.956291-05', '2', '48575443FC0EED9A@iway', '2', '[{"changed": {"fields": ["username"]}}]', '9', '1');
INSERT INTO "public"."django_admin_log" VALUES ('74', '2018-05-14 17:10:28.660369-05', '1', '485754439B9D239B@iway', '2', '[{"changed": {"fields": ["username"]}}]', '9', '1');
INSERT INTO "public"."django_admin_log" VALUES ('75', '2018-05-14 17:43:11.906798-05', '4', 'C4FF1F557FB6', '1', '[{"added": {}}]', '9', '1');
INSERT INTO "public"."django_admin_log" VALUES ('76', '2018-05-14 17:43:53.018978-05', '4', 'C4FF1F557FB6', '2', '[{"changed": {"fields": ["new_value"]}}]', '9', '1');
INSERT INTO "public"."django_admin_log" VALUES ('77', '2018-05-14 17:44:21.652414-05', '5', 'C4FF1F557FB6', '1', '[{"added": {}}]', '16', '1');
INSERT INTO "public"."django_admin_log" VALUES ('78', '2018-05-14 17:45:31.748744-05', '7', 'C4FF1F557FB6', '1', '[{"added": {}}]', '15', '1');
INSERT INTO "public"."django_admin_log" VALUES ('79', '2018-05-14 17:45:58.299677-05', '7', 'C4FF1F557FB6', '2', '[{"changed": {"fields": ["op"]}}]', '15', '1');
INSERT INTO "public"."django_admin_log" VALUES ('80', '2018-05-14 17:46:47.193149-05', '8', 'C4FF1F557FB6', '1', '[{"added": {}}]', '15', '1');
INSERT INTO "public"."django_admin_log" VALUES ('81', '2018-05-14 17:47:51.284692-05', '9', 'C4FF1F557FB6', '1', '[{"added": {}}]', '15', '1');
INSERT INTO "public"."django_admin_log" VALUES ('82', '2018-05-14 17:50:40.254732-05', '7', 'C4FF1F557FB6', '2', '[{"changed": {"fields": ["value"]}}]', '15', '1');
INSERT INTO "public"."django_admin_log" VALUES ('83', '2018-05-14 17:52:19.352749-05', '8', 'C4FF1F557FB6', '2', '[{"changed": {"fields": ["op"]}}]', '15', '1');
INSERT INTO "public"."django_admin_log" VALUES ('84', '2018-05-14 17:52:26.889041-05', '9', 'C4FF1F557FB6', '2', '[]', '15', '1');
INSERT INTO "public"."django_admin_log" VALUES ('85', '2018-05-14 17:56:06.103293-05', '9', 'C4FF1F557FB6', '2', '[{"changed": {"fields": ["attribute"]}}]', '15', '1');
INSERT INTO "public"."django_admin_log" VALUES ('86', '2018-05-14 19:14:29.680386-05', '3', '127.0.0.1', '1', '[{"added": {}}]', '7', '1');
INSERT INTO "public"."django_admin_log" VALUES ('87', '2018-05-14 19:20:04.117402-05', '3', '127.0.0.1', '2', '[{"changed": {"fields": ["server"]}}]', '7', '1');

-- ----------------------------
-- Table structure for "public"."django_content_type"
-- ----------------------------
-- DROP TABLE "public"."django_content_type";
CREATE TABLE "public"."django_content_type" (
"id" int4 NOT NULL,
"app_label" varchar(100) NOT NULL,
"model" varchar(100) NOT NULL
)
WITH (OIDS=FALSE)

;

-- ----------------------------
-- Records of django_content_type
-- ----------------------------
INSERT INTO "public"."django_content_type" VALUES ('1', 'admin', 'logentry');
INSERT INTO "public"."django_content_type" VALUES ('2', 'auth', 'permission');
INSERT INTO "public"."django_content_type" VALUES ('3', 'auth', 'group');
INSERT INTO "public"."django_content_type" VALUES ('4', 'auth', 'user');
INSERT INTO "public"."django_content_type" VALUES ('5', 'contenttypes', 'contenttype');
INSERT INTO "public"."django_content_type" VALUES ('6', 'sessions', 'session');
INSERT INTO "public"."django_content_type" VALUES ('7', 'django_freeradius', 'nas');
INSERT INTO "public"."django_content_type" VALUES ('8', 'django_freeradius', 'radiusaccounting');
INSERT INTO "public"."django_content_type" VALUES ('9', 'django_freeradius', 'radiuscheck');
INSERT INTO "public"."django_content_type" VALUES ('10', 'django_freeradius', 'radiusgroup');
INSERT INTO "public"."django_content_type" VALUES ('11', 'django_freeradius', 'radiusgroupcheck');
INSERT INTO "public"."django_content_type" VALUES ('12', 'django_freeradius', 'radiusgroupreply');
INSERT INTO "public"."django_content_type" VALUES ('13', 'django_freeradius', 'radiusgroupusers');
INSERT INTO "public"."django_content_type" VALUES ('14', 'django_freeradius', 'radiuspostauth');
INSERT INTO "public"."django_content_type" VALUES ('15', 'django_freeradius', 'radiusreply');
INSERT INTO "public"."django_content_type" VALUES ('16', 'django_freeradius', 'radiususergroup');

-- ----------------------------
-- Table structure for "public"."django_migrations"
-- ----------------------------
-- DROP TABLE "public"."django_migrations";
CREATE TABLE "public"."django_migrations" (
"id" int4 NOT NULL,
"app" varchar(255) NOT NULL,
"name" varchar(255) NOT NULL,
"applied" timestamptz(6) NOT NULL
)
WITH (OIDS=FALSE)

;

-- ----------------------------
-- Records of django_migrations
-- ----------------------------
INSERT INTO "public"."django_migrations" VALUES ('1', 'contenttypes', '0001_initial', '2018-04-27 18:48:53.718613-05');
INSERT INTO "public"."django_migrations" VALUES ('2', 'auth', '0001_initial', '2018-04-27 18:48:53.780952-05');
INSERT INTO "public"."django_migrations" VALUES ('3', 'admin', '0001_initial', '2018-04-27 18:48:53.819008-05');
INSERT INTO "public"."django_migrations" VALUES ('4', 'admin', '0002_logentry_remove_auto_add', '2018-04-27 18:48:53.835028-05');
INSERT INTO "public"."django_migrations" VALUES ('5', 'contenttypes', '0002_remove_content_type_name', '2018-04-27 18:48:53.861231-05');
INSERT INTO "public"."django_migrations" VALUES ('6', 'auth', '0002_alter_permission_name_max_length', '2018-04-27 18:48:53.867767-05');
INSERT INTO "public"."django_migrations" VALUES ('7', 'auth', '0003_alter_user_email_max_length', '2018-04-27 18:48:53.887411-05');
INSERT INTO "public"."django_migrations" VALUES ('8', 'auth', '0004_alter_user_username_opts', '2018-04-27 18:48:53.898015-05');
INSERT INTO "public"."django_migrations" VALUES ('9', 'auth', '0005_alter_user_last_login_null', '2018-04-27 18:48:53.910813-05');
INSERT INTO "public"."django_migrations" VALUES ('10', 'auth', '0006_require_contenttypes_0002', '2018-04-27 18:48:53.913732-05');
INSERT INTO "public"."django_migrations" VALUES ('11', 'auth', '0007_alter_validators_add_error_messages', '2018-04-27 18:48:53.931912-05');
INSERT INTO "public"."django_migrations" VALUES ('12', 'auth', '0008_alter_user_username_max_length', '2018-04-27 18:48:53.964836-05');
INSERT INTO "public"."django_migrations" VALUES ('13', 'auth', '0009_alter_user_last_name_max_length', '2018-04-27 18:48:53.987959-05');
INSERT INTO "public"."django_migrations" VALUES ('14', 'django_freeradius', '0001_initial', '2018-04-27 18:52:46.810463-05');
INSERT INTO "public"."django_migrations" VALUES ('15', 'django_freeradius', '0002_radiusaccounting_acct_update_time', '2018-04-27 18:52:46.824591-05');
INSERT INTO "public"."django_migrations" VALUES ('16', 'django_freeradius', '0003_auto_20170727_1613', '2018-04-27 18:52:46.983704-05');
INSERT INTO "public"."django_migrations" VALUES ('17', 'django_freeradius', '0004_auto_20170727_1635', '2018-04-27 18:52:47.06195-05');
INSERT INTO "public"."django_migrations" VALUES ('18', 'django_freeradius', '0005_radacct_fix_called_calling', '2018-04-27 18:52:47.08292-05');
INSERT INTO "public"."django_migrations" VALUES ('19', 'django_freeradius', '0006_postauth_improvements', '2018-04-27 18:52:47.095042-05');
INSERT INTO "public"."django_migrations" VALUES ('20', 'django_freeradius', '0007_nas_improvements', '2018-04-27 18:52:47.12356-05');
INSERT INTO "public"."django_migrations" VALUES ('21', 'django_freeradius', '0008_auto_20171004_1003', '2018-04-27 18:52:47.144031-05');
INSERT INTO "public"."django_migrations" VALUES ('22', 'django_freeradius', '0009_radiuscheck_expires', '2018-04-27 18:52:47.153959-05');
INSERT INTO "public"."django_migrations" VALUES ('23', 'django_freeradius', '0010_auto_20171107_1158', '2018-04-27 18:52:47.163648-05');
INSERT INTO "public"."django_migrations" VALUES ('24', 'django_freeradius', '0011_radiuscheck_note', '2018-04-27 18:52:47.179674-05');
INSERT INTO "public"."django_migrations" VALUES ('25', 'django_freeradius', '0012_auto_20171206_1546', '2018-04-27 18:52:47.198974-05');
INSERT INTO "public"."django_migrations" VALUES ('26', 'django_freeradius', '0013_auto_20171211_1045', '2018-04-27 18:52:47.207336-05');
INSERT INTO "public"."django_migrations" VALUES ('27', 'django_freeradius', '0014_auto_20171226_1938', '2018-04-27 18:52:47.226808-05');
INSERT INTO "public"."django_migrations" VALUES ('28', 'sessions', '0001_initial', '2018-04-27 18:52:47.244155-05');

-- ----------------------------
-- Table structure for "public"."django_session"
-- ----------------------------
-- DROP TABLE "public"."django_session";
CREATE TABLE "public"."django_session" (
"session_key" varchar(40) NOT NULL,
"session_data" text NOT NULL,
"expire_date" timestamptz(6) NOT NULL
)
WITH (OIDS=FALSE)

;

-- ----------------------------
-- Records of django_session
-- ----------------------------
INSERT INTO "public"."django_session" VALUES ('3hdwctt9pmajmmq526zbcuydi5ere92g', 'YmI2N2JlZTFmY2RhODJjNWY3YzQ2MTEyNWFlYmIwNjg1YmNjMjFlMTp7Il9hdXRoX3VzZXJfaWQiOiIxIiwiX2F1dGhfdXNlcl9iYWNrZW5kIjoiZGphbmdvLmNvbnRyaWIuYXV0aC5iYWNrZW5kcy5Nb2RlbEJhY2tlbmQiLCJfYXV0aF91c2VyX2hhc2giOiIwNmIxZTc1ZDI3Yjg3OGFjNjMxYzZiN2U4ZTNkYTRmYTFlOGNjYzM4In0=', '2018-05-11 18:58:18.699613-05');
INSERT INTO "public"."django_session" VALUES ('dfkp8kxwelx3k1uvueecxmjt06mqitue', 'YmI2N2JlZTFmY2RhODJjNWY3YzQ2MTEyNWFlYmIwNjg1YmNjMjFlMTp7Il9hdXRoX3VzZXJfaWQiOiIxIiwiX2F1dGhfdXNlcl9iYWNrZW5kIjoiZGphbmdvLmNvbnRyaWIuYXV0aC5iYWNrZW5kcy5Nb2RlbEJhY2tlbmQiLCJfYXV0aF91c2VyX2hhc2giOiIwNmIxZTc1ZDI3Yjg3OGFjNjMxYzZiN2U4ZTNkYTRmYTFlOGNjYzM4In0=', '2018-05-16 12:50:31.201122-05');
INSERT INTO "public"."django_session" VALUES ('rhlqes92can1khmxmbau6ocm49pgcjas', 'YmI2N2JlZTFmY2RhODJjNWY3YzQ2MTEyNWFlYmIwNjg1YmNjMjFlMTp7Il9hdXRoX3VzZXJfaWQiOiIxIiwiX2F1dGhfdXNlcl9iYWNrZW5kIjoiZGphbmdvLmNvbnRyaWIuYXV0aC5iYWNrZW5kcy5Nb2RlbEJhY2tlbmQiLCJfYXV0aF91c2VyX2hhc2giOiIwNmIxZTc1ZDI3Yjg3OGFjNjMxYzZiN2U4ZTNkYTRmYTFlOGNjYzM4In0=', '2018-05-21 15:19:56.467508-05');

-- ----------------------------
-- Table structure for "public"."nas"
-- ----------------------------
-- DROP TABLE "public"."nas";
CREATE TABLE "public"."nas" (
"id" int4 NOT NULL,
"created" timestamptz(6) NOT NULL,
"modified" timestamptz(6) NOT NULL,
"nasname" varchar(128) NOT NULL,
"shortname" varchar(32) NOT NULL,
"type" varchar(30) NOT NULL,
"secret" varchar(60) NOT NULL,
"ports" int4,
"community" varchar(50),
"description" varchar(200),
"server" varchar(64)
)
WITH (OIDS=FALSE)

;

-- ----------------------------
-- Records of nas
-- ----------------------------
INSERT INTO "public"."nas" VALUES ('2', '2018-05-02 10:13:08.712626-05', '2018-05-03 15:01:07.463799-05', '10.12.0.1', 'BRAS-rcORE01', 'Async', '2w8u3e7yrr', null, null, 'Bras Huawei AAA Policy Server', null);
INSERT INTO "public"."nas" VALUES ('3', '2018-05-14 19:14:29.675741-05', '2018-05-14 19:20:04.114906-05', '127.0.0.1', 'localhost', 'Other', 'iway2018', null, null, 'pruebas locales de api', null);

-- ----------------------------
-- Table structure for "public"."radacct"
-- ----------------------------
-- DROP TABLE "public"."radacct";
CREATE TABLE "public"."radacct" (
"radacctid" int8 DEFAULT nextval('radacct_radacctid_seq'::regclass) NOT NULL,
"acctsessionid" varchar(64) NOT NULL,
"acctuniqueid" varchar(32) NOT NULL,
"username" varchar(64),
"groupname" varchar(64),
"realm" varchar(64),
"nasipaddress" inet NOT NULL,
"nasportid" varchar(250),
"nasporttype" varchar(32),
"acctstarttime" timestamptz(6),
"acctstoptime" timestamptz(6),
"acctsessiontime" int4,
"acctauthentic" varchar(32),
"connectinfo_start" varchar(50),
"connectinfo_stop" varchar(50),
"acctinputoctets" int8,
"acctoutputoctets" int8,
"callingstationid" varchar(50),
"calledstationid" varchar(50),
"acctterminatecause" varchar(32),
"servicetype" varchar(32),
"framedprotocol" varchar(32),
"framedipaddress" inet,
"acctupdatetime" timestamptz(6),
"acctinterval" int4
)
WITH (OIDS=FALSE)

;

-- ----------------------------
-- Records of radacct
-- ----------------------------
INSERT INTO "public"."radacct" VALUES ('11', 'rcORE0100206010000102a77049004600', '5d4fbb847c1d012d4b5bb291bcb4d607', '48575443FC0EED9A@iway', null, null, '10.12.0.1', 'slot=3D3D0=3D3Bsubslot=3D3D2=3D3Bport=3D3D6=3D3Bvlanid=3D3D102=3D3Bvlanid2=3D3D100=3D3B', 'Ethernet', '2018-05-03 05:26:53-05', '2018-05-03 22:55:38-05', '62925', 'RADIUS', '20480000/10240000', '20480000/10240000', '76211290', '149818461', 'c4:ff:1f:55:7f:b6', '', 'Lost-Carrier', 'Framed-User', 'PPP', '172.16.255.122', '2018-05-03 22:55:38-05', null);
INSERT INTO "public"."radacct" VALUES ('12', 'rcORE01002060100001051a2ad20045c0', 'bb27bc78d2a8b16abaec2d56c30b6bf2', '4857544383243F9B@iway', null, null, '10.12.0.1', 'slot=3D3D0=3D3Bsubslot=3D3D2=3D3Bport=3D3D6=3D3Bvlanid=3D3D105=3D3Bvlanid2=3D3D100=3D3B', 'Ethernet', '2018-05-03 04:57:51-05', '2018-05-03 22:52:59-05', '64508', 'RADIUS', '10240000', null, '281130979', '3630165657', '80:41:26:51:5f:34', '', 'User-Request', 'Framed-User', 'PPP', '172.16.255.124', '2018-05-03 22:52:59-05', null);

-- ----------------------------
-- Table structure for "public"."radcheck"
-- ----------------------------
-- DROP TABLE "public"."radcheck";
CREATE TABLE "public"."radcheck" (
"id" int4 DEFAULT nextval('radcheck_id_seq'::regclass) NOT NULL,
"created" timestamptz(6) NOT NULL,
"modified" timestamptz(6) NOT NULL,
"username" varchar(64) NOT NULL,
"value" varchar(253) NOT NULL,
"op" varchar(2) NOT NULL,
"attribute" varchar(64) NOT NULL,
"is_active" bool NOT NULL,
"valid_until" timestamptz(6),
"notes" text,
"limite_descarga_bytes" int8,
"filter_id" int2
)
WITH (OIDS=FALSE)

;

-- ----------------------------
-- Records of radcheck
-- ----------------------------
INSERT INTO "public"."radcheck" VALUES ('1', '2018-04-27 18:59:15.471882-05', '2018-05-14 17:10:28.658296-05', '485754439B9D239B@iway', '485754439B9D239B', ':=', 'Cleartext-Password', 't', '2018-04-30 18:59:39-05', 'ont 485754439B9D239B', null, null);
INSERT INTO "public"."radcheck" VALUES ('2', '2018-05-03 14:44:08.661554-05', '2018-05-14 17:10:20.95417-05', '48575443FC0EED9A@iway', '48575443FC0EED9A', ':=', 'Cleartext-Password', 't', '2018-06-30 00:00:00-05', '48575443FC0EED9A', null, null);
INSERT INTO "public"."radcheck" VALUES ('3', '2018-05-03 16:34:50.92804-05', '2018-05-14 17:10:12.372112-05', '4857544383243F9B@iway', '4857544383243F9B', ':=', 'Cleartext-Password', 't', '2018-06-30 00:00:00-05', '4857544383243F9B ont', null, null);
INSERT INTO "public"."radcheck" VALUES ('4', '2018-05-14 17:43:11.901962-05', '2018-05-14 17:43:53.016207-05', 'C4FF1F557FB6', 'C4FF1F557FB6', ':=', 'Cleartext-Password', 't', '2018-05-31 17:42:27-05', 'MAC: C4FF1F557FB6  ID GPON 48575443FC0EED9A HG8245H', null, null);
INSERT INTO "public"."radcheck" VALUES ('5', '2018-05-17 22:02:03-05', '2018-05-17 22:02:03-05', 'C4BF98E9F73', 'C4BF98E9F73', ':=', 'demo', 't', '2018-05-17 22:02:03-05', 'demo', null, null);
INSERT INTO "public"."radcheck" VALUES ('6', '2018-05-18 20:56:02-05', '2018-05-18 20:56:02-05', '54255', '54255', ':=', 'demo', 't', '2018-05-18 20:56:02-05', 'demo', null, null);
INSERT INTO "public"."radcheck" VALUES ('7', '2018-05-18 20:56:15-05', '2018-05-18 20:56:15-05', '54255', '54255', ':=', 'demo', 't', '2018-05-18 20:56:15-05', 'demo', null, null);
INSERT INTO "public"."radcheck" VALUES ('8', '2018-05-18 21:45:48-05', '2018-05-18 21:45:48-05', '12413442343', '12413442343', ':=', 'demo', 't', '2018-05-18 21:45:48-05', 'demo', null, null);
INSERT INTO "public"."radcheck" VALUES ('15', '2018-05-22 20:20:35-05', '2018-05-22 20:20:35-05', '123456789012', '123456789012', ':=', 'demo', 't', '2018-05-22 20:20:35-05', 'demo', null, null);
INSERT INTO "public"."radcheck" VALUES ('16', '2018-05-22 20:23:50-05', '2018-05-22 20:23:50-05', '098765432109', '098765432109', ':=', 'demo', 't', '2018-05-22 20:23:50-05', 'demo', null, null);
INSERT INTO "public"."radcheck" VALUES ('17', '2018-05-22 20:31:00-05', '2018-05-22 20:31:00-05', '1343se54w4w4stgs', '1343se54w4w4stgs', ':=', 'demo', 't', '2018-05-22 20:31:00-05', 'demo', null, null);
INSERT INTO "public"."radcheck" VALUES ('18', '2018-05-22 20:51:09-05', '2018-05-22 20:51:09-05', '122312312331233', '122312312331233', ':=', 'demo', 't', '2018-05-22 20:51:09-05', 'demo', null, null);
INSERT INTO "public"."radcheck" VALUES ('19', '2018-05-28 19:17:34-05', '2018-05-28 19:17:34-05', '123456789090', '123456789090', ':=', '', 't', '2018-05-28 19:17:34-05', '', null, null);
INSERT INTO "public"."radcheck" VALUES ('20', '2018-05-28 19:39:03-05', '2018-05-28 19:39:03-05', '123456789091', '123456789091', ':=', '', 't', '2018-05-28 19:39:03-05', '', null, null);
INSERT INTO "public"."radcheck" VALUES ('21', '2018-05-28 20:31:47-05', '2018-05-28 20:31:47-05', 'ABCDE1323992', 'ABCDE1323992', ':=', '', 't', '2018-05-28 20:31:47-05', '', null, null);
INSERT INTO "public"."radcheck" VALUES ('22', '2018-05-28 22:17:23-05', '2018-05-28 22:17:23-05', 'ABCDE1323294', 'ABCDE1323294', ':=', '', 't', '2018-05-28 22:17:23-05', '', null, null);
INSERT INTO "public"."radcheck" VALUES ('23', '2018-06-04 16:01:17-05', '2018-06-04 16:01:17-05', '123456789000', '123456789000', ':=', 'Cleartext-Password', 't', '2018-06-04 16:01:17-05', 'Cleartext-Password', null, null);
INSERT INTO "public"."radcheck" VALUES ('24', '2018-06-04 17:51:39-05', '2018-06-04 17:51:39-05', '111222333444', '111222333444', ':=', 'Cleartext-Password', 't', '2018-06-04 17:51:39-05', 'Cleartext-Password', null, null);
INSERT INTO "public"."radcheck" VALUES ('25', '2018-06-04 17:53:15-05', '2018-06-04 17:53:15-05', '443322116655', '443322116655', ':=', 'Cleartext-Password', 't', '2018-06-04 17:53:15-05', 'Cleartext-Password', null, null);
INSERT INTO "public"."radcheck" VALUES ('26', '2018-06-04 21:19:58-05', '2018-06-04 21:19:58-05', '123123123123', '123123123123', ':=', 'Cleartext-Password', 't', '2018-06-04 21:19:58-05', 'Cleartext-Password', null, null);
INSERT INTO "public"."radcheck" VALUES ('27', '2018-06-04 22:28:12-05', '2018-06-04 22:28:12-05', '999888777666', '999888777666', ':=', 'Cleartext-Password', 't', '2018-06-04 22:28:12-05', 'Cleartext-Password', null, null);
INSERT INTO "public"."radcheck" VALUES ('28', '2018-06-04 22:30:02-05', '2018-06-04 22:30:02-05', '999888777666', '999888777666', ':=', 'Cleartext-Password', 't', '2018-06-04 22:30:02-05', 'Cleartext-Password', null, null);
INSERT INTO "public"."radcheck" VALUES ('29', '2018-06-04 22:33:00-05', '2018-06-04 22:33:00-05', '666555444333', '666555444333', ':=', 'Cleartext-Password', 't', '2018-06-04 22:33:00-05', 'Cleartext-Password', null, null);
INSERT INTO "public"."radcheck" VALUES ('30', '2018-06-04 23:03:53-05', '2018-06-04 23:03:53-05', 'B4FBF98E9C76', 'B4FBF98E9C76', ':=', 'Cleartext-Password', 't', '2018-06-04 23:03:53-05', 'Cleartext-Password', null, null);
INSERT INTO "public"."radcheck" VALUES ('31', '2018-06-04 23:05:31-05', '2018-06-04 23:05:31-05', 'B4FBF98E9C76', 'B4FBF98E9C76', ':=', 'Cleartext-Password', 't', '2018-06-04 23:05:31-05', 'Cleartext-Password', null, null);
INSERT INTO "public"."radcheck" VALUES ('32', '2018-06-05 15:07:19-05', '2018-06-05 15:07:19-05', '111222333444', '111222333444', ':=', 'Cleartext-Password', 't', '2018-06-05 15:07:19-05', 'Cleartext-Password', null, null);
INSERT INTO "public"."radcheck" VALUES ('33', '2018-06-06 16:18:53-05', '2018-06-06 16:18:53-05', '111222333444', '111222333444', ':=', 'Cleartext-Password', 't', '2018-06-06 16:18:53-05', 'Cleartext-Password', null, null);
INSERT INTO "public"."radcheck" VALUES ('34', '2018-06-06 17:18:03-05', '2018-06-06 17:18:03-05', '555444666333', '555444666333', ':=', 'Cleartext-Password', 't', '2018-06-06 17:18:03-05', 'Cleartext-Password', null, null);
INSERT INTO "public"."radcheck" VALUES ('35', '2018-06-06 20:29:45-05', '2018-06-06 20:29:45-05', '8014A8992E89', '8014A8992E89', ':=', 'Cleartext-Password', 't', '2018-06-06 20:29:45-05', 'Cleartext-Password', null, null);
INSERT INTO "public"."radcheck" VALUES ('37', '2018-06-21 16:28:21-05', '2018-06-21 16:28:21-05', 'AAAEEE111344', 'AAAEEE111344', ':=', 'Cleartext-Password', 't', '2018-06-21 16:28:21-05', 'Cleartext-Password', null, null);
INSERT INTO "public"."radcheck" VALUES ('38', '2018-06-21 16:55:30-05', '2018-06-21 16:55:30-05', 'AAAEEE111344', 'AAAEEE111344', ':=', 'Cleartext-Password', 't', '2018-06-21 16:55:30-05', 'Cleartext-Password', null, null);
INSERT INTO "public"."radcheck" VALUES ('39', '2018-06-22 16:00:55-05', '2018-06-22 16:00:55-05', 'AAAEEE111344', 'AAAEEE111344', ':=', 'Cleartext-Password', 't', '2018-06-22 16:00:55-05', 'Cleartext-Password', null, null);
INSERT INTO "public"."radcheck" VALUES ('40', '2018-06-22 16:56:44-05', '2018-06-22 16:56:44-05', 'AAAEEE111344', 'AAAEEE111344', ':=', 'Cleartext-Password', 't', '2018-06-22 16:56:44-05', 'Cleartext-Password', null, null);
INSERT INTO "public"."radcheck" VALUES ('41', '2018-06-22 17:47:20-05', '2018-06-22 17:47:20-05', 'AAAEEE111344', 'AAAEEE111344', ':=', 'Cleartext-Password', 't', '2018-06-22 17:47:20-05', 'Cleartext-Password', null, null);
INSERT INTO "public"."radcheck" VALUES ('42', '2018-06-22 17:53:09-05', '2018-06-22 17:53:09-05', 'FFCCEEBB0001', 'FFCCEEBB0001', ':=', 'Cleartext-Password', 't', '2018-06-22 17:53:09-05', 'Cleartext-Password', null, null);
INSERT INTO "public"."radcheck" VALUES ('43', '2018-06-22 17:56:30-05', '2018-06-22 17:56:30-05', 'ABCDEF123467', 'ABCDEF123467', ':=', 'Cleartext-Password', 't', '2018-06-22 17:56:30-05', 'Cleartext-Password', null, null);
INSERT INTO "public"."radcheck" VALUES ('44', '2018-06-22 19:14:20-05', '2018-06-22 19:14:30-05', 'FFCCEEBB0001', '2628000', ':=', 'Max-All-Session', 't', '2016-07-22 19:30:24-05', 'Tiempo Maximo Contratado', null, null);
INSERT INTO "public"."radcheck" VALUES ('45', '2018-06-25 09:57:31-05', '2018-06-25 09:57:31-05', 'AAAEEE111344', 'AAAEEE111344', ':=', 'Cleartext-Password', 't', '2018-06-25 09:57:31-05', 'Cleartext-Password', null, null);
INSERT INTO "public"."radcheck" VALUES ('46', '2018-06-25 09:58:47-05', '2018-06-25 09:58:47-05', 'FFCCEEBB0001', 'FFCCEEBB0001', ':=', 'Cleartext-Password', 't', '2018-06-25 09:58:47-05', 'Cleartext-Password', null, null);
INSERT INTO "public"."radcheck" VALUES ('47', '2018-06-25 10:07:44-05', '2018-06-25 10:07:44-05', 'FFCCEEBB0001', 'FFCCEEBB0001', ':=', 'Cleartext-Password', 't', '2018-06-25 10:07:44-05', 'Cleartext-Password', null, null);
INSERT INTO "public"."radcheck" VALUES ('48', '2018-06-26 10:10:59-05', '2018-06-26 10:10:59-05', 'AAAEEE111344', 'AAAEEE111344', ':=', 'Cleartext-Password', 't', '2018-06-26 10:10:59-05', 'Cleartext-Password', null, null);
INSERT INTO "public"."radcheck" VALUES ('50', '2018-06-26 10:25:56-05', '2018-06-26 10:25:56-05', 'AAEE1122BB11', 'AAEE1122BB11', ':=', 'Cleartext-Password', 't', '2018-06-26 10:25:56-05', 'Cleartext-Password', null, null);
INSERT INTO "public"."radcheck" VALUES ('54', '2018-06-27 15:57:37-05', '2018-06-27 15:59:48-05', '00112233EF04', '00112233EF04', ':=', 'Cleartext-Password', 't', '2018-11-29 09:00:00-05', 'Cleartext-Password', null, null);
INSERT INTO "public"."radcheck" VALUES ('55', '2018-06-28 12:58:15-05', '2018-06-28 12:59:04-05', '01020303AABC', '01020303AABC', ':=', 'Cleartext-Password', 't', '2018-12-29 10:00:00-05', 'Cleartext-Password', null, null);
INSERT INTO "public"."radcheck" VALUES ('56', '2018-06-28 15:56:46-05', '2018-06-28 15:56:46-05', 'C4FF1F55773B', 'C4FF1F55773B', ':=', 'Cleartext-Password', 't', '2019-07-01 00:00:00-05', 'Cleartext-Password', null, null);

-- ----------------------------
-- Table structure for "public"."radgroupcheck"
-- ----------------------------
-- DROP TABLE "public"."radgroupcheck";
CREATE TABLE "public"."radgroupcheck" (
"id" int4 NOT NULL,
"created" timestamptz(6) NOT NULL,
"modified" timestamptz(6) NOT NULL,
"groupname" varchar(64) NOT NULL,
"attribute" varchar(64) NOT NULL,
"op" varchar(2) NOT NULL,
"value" varchar(253) NOT NULL
)
WITH (OIDS=FALSE)

;

-- ----------------------------
-- Records of radgroupcheck
-- ----------------------------

-- ----------------------------
-- Table structure for "public"."radgroupreply"
-- ----------------------------
-- DROP TABLE "public"."radgroupreply";
CREATE TABLE "public"."radgroupreply" (
"id" int4 NOT NULL,
"created" timestamptz(6) NOT NULL,
"modified" timestamptz(6) NOT NULL,
"groupname" varchar(64) NOT NULL,
"attribute" varchar(64) NOT NULL,
"op" varchar(2) NOT NULL,
"value" varchar(253) NOT NULL
)
WITH (OIDS=FALSE)

;

-- ----------------------------
-- Records of radgroupreply
-- ----------------------------
INSERT INTO "public"."radgroupreply" VALUES ('1', '2018-05-02 10:29:26.38813-05', '2018-05-03 15:33:02.702715-05', 'netdial', 'Service-Type', ':=', 'Framed-User');
INSERT INTO "public"."radgroupreply" VALUES ('2', '2018-05-02 10:30:36.162577-05', '2018-05-03 15:32:57.489398-05', 'netdial', 'Framed-Protocol', ':=', 'PPP');

-- ----------------------------
-- Table structure for "public"."radiusgroup"
-- ----------------------------
-- DROP TABLE "public"."radiusgroup";
CREATE TABLE "public"."radiusgroup" (
"created" timestamptz(6) NOT NULL,
"modified" timestamptz(6) NOT NULL,
"id" uuid NOT NULL,
"groupname" varchar(255) NOT NULL,
"priority" int4 NOT NULL,
"notes" varchar(64)
)
WITH (OIDS=FALSE)

;

-- ----------------------------
-- Records of radiusgroup
-- ----------------------------

-- ----------------------------
-- Table structure for "public"."radiusgroupusers"
-- ----------------------------
-- DROP TABLE "public"."radiusgroupusers";
CREATE TABLE "public"."radiusgroupusers" (
"created" timestamptz(6) NOT NULL,
"modified" timestamptz(6) NOT NULL,
"id" uuid NOT NULL,
"username" varchar(64) NOT NULL,
"groupname" varchar(255) NOT NULL
)
WITH (OIDS=FALSE)

;

-- ----------------------------
-- Records of radiusgroupusers
-- ----------------------------
INSERT INTO "public"."radiusgroupusers" VALUES ('2018-05-03 15:13:14.46655-05', '2018-05-03 16:39:16.320871-05', 'a8098c1a-f86e-11da-bd1a-00112444be1e', '48575443FC0EED9A@iway', 'netdial');

-- ----------------------------
-- Table structure for "public"."radiusgroupusers_radius_check"
-- ----------------------------
-- DROP TABLE "public"."radiusgroupusers_radius_check";
CREATE TABLE "public"."radiusgroupusers_radius_check" (
"id" int4 NOT NULL,
"radiusgroupusers_id" uuid NOT NULL,
"radiuscheck_id" int4 NOT NULL
)
WITH (OIDS=FALSE)

;

-- ----------------------------
-- Records of radiusgroupusers_radius_check
-- ----------------------------

-- ----------------------------
-- Table structure for "public"."radiusgroupusers_radius_reply"
-- ----------------------------
-- DROP TABLE "public"."radiusgroupusers_radius_reply";
CREATE TABLE "public"."radiusgroupusers_radius_reply" (
"id" int4 NOT NULL,
"radiusgroupusers_id" uuid NOT NULL,
"radiusreply_id" int4 NOT NULL
)
WITH (OIDS=FALSE)

;

-- ----------------------------
-- Records of radiusgroupusers_radius_reply
-- ----------------------------

-- ----------------------------
-- Table structure for "public"."radpostauth"
-- ----------------------------
-- DROP TABLE "public"."radpostauth";
CREATE TABLE "public"."radpostauth" (
"id" int4 NOT NULL,
"username" varchar(64) NOT NULL,
"pass" varchar(100) NOT NULL,
"reply" varchar(32) NOT NULL,
"authdate" timestamptz(6) NOT NULL,
"calledstationid" varchar(50),
"callingstationid" varchar(50)
)
WITH (OIDS=FALSE)

;

-- ----------------------------
-- Records of radpostauth
-- ----------------------------
INSERT INTO "public"."radpostauth" VALUES ('1', '485754439B9D239B', '485754439B9D239B', 'Access-Reject', '2018-04-28 17:56:49.127704-05', '', '');
INSERT INTO "public"."radpostauth" VALUES ('2', '48575443B8E8CC9B', '', 'Access-Accept', '2018-04-28 18:06:19.167465-05', '', '');
INSERT INTO "public"."radpostauth" VALUES ('3', '48575443B8E8CC9B', '', 'Access-Accept', '2018-04-29 12:08:42.764387-05', '', '');
INSERT INTO "public"."radpostauth" VALUES ('4', '48575443B8E8CC9B', '48575443B8E8CC9B', 'Access-Reject', '2018-05-01 11:31:35.171129-05', null, null);
INSERT INTO "public"."radpostauth" VALUES ('5', '48575443B8E8CC9B', '48575443B8E8CC9B', 'Access-Reject', '2018-05-01 11:32:45.34634-05', null, null);
INSERT INTO "public"."radpostauth" VALUES ('6', '48575443B8E8CC9B', '48575443B8E8CC9B', 'Access-Reject', '2018-05-01 11:47:42.813847-05', null, null);
INSERT INTO "public"."radpostauth" VALUES ('7', '48575443B8E8CC9B', '48575443B8E8CC9B', 'Access-Reject', '2018-05-02 10:31:28.90988-05', null, null);
INSERT INTO "public"."radpostauth" VALUES ('8', '48575443FC0EED9A@iway', '48575443FC0EED9A', 'Access-Reject', '2018-05-03 14:56:52.772634-05', null, null);
INSERT INTO "public"."radpostauth" VALUES ('9', '48575443FC0EED9A@iway', '48575443FC0EED9A', 'Access-Reject', '2018-05-03 14:57:30.96161-05', null, null);
INSERT INTO "public"."radpostauth" VALUES ('10', '48575443FC0EED9A@iway', '48575443FC0EED9A', 'Access-Reject', '2018-05-03 14:58:09.155682-05', null, null);
INSERT INTO "public"."radpostauth" VALUES ('11', '48575443FC0EED9A@iway', '48575443FC0EED9A', 'Access-Reject', '2018-05-03 14:58:47.110986-05', null, null);
INSERT INTO "public"."radpostauth" VALUES ('12', '48575443FC0EED9A@iway', '48575443FC0EED9A', 'Access-Reject', '2018-05-03 14:59:25.271074-05', null, null);
INSERT INTO "public"."radpostauth" VALUES ('13', '48575443FC0EED9A@iway', '48575443FC0EED9A', 'Access-Reject', '2018-05-03 15:00:03.446887-05', null, null);
INSERT INTO "public"."radpostauth" VALUES ('14', '48575443FC0EED9A@iway', '48575443FC0EED9A', 'Access-Reject', '2018-05-03 15:00:41.604921-05', null, null);
INSERT INTO "public"."radpostauth" VALUES ('15', '48575443FC0EED9A@iway', '48575443FC0EED9A', 'Access-Reject', '2018-05-03 15:01:19.777911-05', null, null);
INSERT INTO "public"."radpostauth" VALUES ('16', '48575443FC0EED9A@iway', '48575443FC0EED9A', 'Access-Reject', '2018-05-03 15:01:57.949554-05', null, null);
INSERT INTO "public"."radpostauth" VALUES ('17', '48575443FC0EED9A@iway', '48575443FC0EED9A', 'Access-Reject', '2018-05-03 15:02:36.112037-05', null, null);
INSERT INTO "public"."radpostauth" VALUES ('18', '48575443FC0EED9A@iway', '48575443FC0EED9A', 'Access-Reject', '2018-05-03 15:03:14.266279-05', null, null);
INSERT INTO "public"."radpostauth" VALUES ('19', '48575443FC0EED9A@iway', '48575443FC0EED9A', 'Access-Reject', '2018-05-03 15:03:52.40483-05', null, null);
INSERT INTO "public"."radpostauth" VALUES ('20', '48575443FC0EED9A@iway', '48575443FC0EED9A', 'Access-Reject', '2018-05-03 15:04:30.571638-05', null, null);
INSERT INTO "public"."radpostauth" VALUES ('21', '48575443FC0EED9A@iway', '48575443FC0EED9A', 'Access-Reject', '2018-05-03 15:05:08.719983-05', null, null);
INSERT INTO "public"."radpostauth" VALUES ('22', '48575443FC0EED9A@iway', '48575443FC0EED9A', 'Access-Reject', '2018-05-03 15:05:46.890207-05', null, null);
INSERT INTO "public"."radpostauth" VALUES ('23', '48575443FC0EED9A@iway', '48575443FC0EED9A', 'Access-Reject', '2018-05-03 15:06:24.861024-05', null, null);
INSERT INTO "public"."radpostauth" VALUES ('24', '48575443FC0EED9A@iway', '48575443FC0EED9A', 'Access-Reject', '2018-05-03 15:07:03.033473-05', null, null);
INSERT INTO "public"."radpostauth" VALUES ('25', '48575443FC0EED9A@iway', '48575443FC0EED9A', 'Access-Reject', '2018-05-03 15:07:41.203634-05', null, null);
INSERT INTO "public"."radpostauth" VALUES ('26', '48575443FC0EED9A@iway', '48575443FC0EED9A', 'Access-Reject', '2018-05-03 15:08:19.32891-05', null, null);
INSERT INTO "public"."radpostauth" VALUES ('27', '48575443FC0EED9A@iway', '48575443FC0EED9A', 'Access-Reject', '2018-05-03 15:08:54.507092-05', null, null);
INSERT INTO "public"."radpostauth" VALUES ('28', '48575443FC0EED9A@iway', '48575443FC0EED9A', 'Access-Reject', '2018-05-03 15:09:32.678766-05', null, null);
INSERT INTO "public"."radpostauth" VALUES ('29', '48575443FC0EED9A@iway', '48575443FC0EED9A', 'Access-Reject', '2018-05-03 15:10:10.840151-05', null, null);
INSERT INTO "public"."radpostauth" VALUES ('30', '48575443FC0EED9A@iway', '48575443FC0EED9A', 'Access-Reject', '2018-05-03 15:10:48.985569-05', null, null);
INSERT INTO "public"."radpostauth" VALUES ('31', '48575443FC0EED9A@iway', '48575443FC0EED9A', 'Access-Reject', '2018-05-03 15:11:27.141017-05', null, null);
INSERT INTO "public"."radpostauth" VALUES ('32', '48575443FC0EED9A@iway', '48575443FC0EED9A', 'Access-Reject', '2018-05-03 15:12:05.293316-05', null, null);
INSERT INTO "public"."radpostauth" VALUES ('33', '48575443FC0EED9A@iway', '48575443FC0EED9A', 'Access-Reject', '2018-05-03 15:12:43.456546-05', null, null);
INSERT INTO "public"."radpostauth" VALUES ('34', '48575443FC0EED9A@iway', '48575443FC0EED9A', 'Access-Reject', '2018-05-03 15:13:21.623485-05', null, null);
INSERT INTO "public"."radpostauth" VALUES ('35', '48575443FC0EED9A@iway', '48575443FC0EED9A', 'Access-Reject', '2018-05-03 15:13:59.766116-05', null, null);
INSERT INTO "public"."radpostauth" VALUES ('36', '48575443FC0EED9A@iway', '48575443FC0EED9A', 'Access-Reject', '2018-05-03 15:14:37.933711-05', null, null);
INSERT INTO "public"."radpostauth" VALUES ('37', '48575443FC0EED9A@iway', '48575443FC0EED9A', 'Access-Reject', '2018-05-03 15:15:15.901249-05', null, null);
INSERT INTO "public"."radpostauth" VALUES ('38', '48575443FC0EED9A@iway', '48575443FC0EED9A', 'Access-Reject', '2018-05-03 15:15:53.854354-05', null, null);
INSERT INTO "public"."radpostauth" VALUES ('39', '48575443FC0EED9A@iway', '48575443FC0EED9A', 'Access-Reject', '2018-05-03 15:16:31.815172-05', null, null);
INSERT INTO "public"."radpostauth" VALUES ('40', '48575443FC0EED9A@iway', '48575443FC0EED9A', 'Access-Reject', '2018-05-03 15:17:09.763202-05', null, null);
INSERT INTO "public"."radpostauth" VALUES ('41', '48575443FC0EED9A@iway', '48575443FC0EED9A', 'Access-Reject', '2018-05-03 15:17:47.897712-05', null, null);
INSERT INTO "public"."radpostauth" VALUES ('42', '48575443FC0EED9A@iway', '48575443FC0EED9A', 'Access-Reject', '2018-05-03 15:18:25.838969-05', null, null);
INSERT INTO "public"."radpostauth" VALUES ('43', '48575443FC0EED9A@iway', '48575443FC0EED9A', 'Access-Reject', '2018-05-03 15:19:03.996983-05', null, null);
INSERT INTO "public"."radpostauth" VALUES ('44', '48575443FC0EED9A@iway', '48575443FC0EED9A', 'Access-Reject', '2018-05-03 15:19:42.157447-05', null, null);
INSERT INTO "public"."radpostauth" VALUES ('45', '48575443FC0EED9A@iway', '48575443FC0EED9A', 'Access-Reject', '2018-05-03 15:20:20.311703-05', null, null);
INSERT INTO "public"."radpostauth" VALUES ('46', '48575443FC0EED9A@iway', '48575443FC0EED9A', 'Access-Reject', '2018-05-03 15:20:58.458071-05', null, null);
INSERT INTO "public"."radpostauth" VALUES ('47', '48575443FC0EED9A@iway', '48575443FC0EED9A', 'Access-Reject', '2018-05-03 15:21:36.598254-05', null, null);
INSERT INTO "public"."radpostauth" VALUES ('48', '48575443FC0EED9A@iway', '48575443FC0EED9A', 'Access-Reject', '2018-05-03 15:22:14.767439-05', null, null);
INSERT INTO "public"."radpostauth" VALUES ('49', '48575443FC0EED9A@iway', '48575443FC0EED9A', 'Access-Reject', '2018-05-03 15:22:52.92502-05', null, null);
INSERT INTO "public"."radpostauth" VALUES ('50', '48575443FC0EED9A@iway', '48575443FC0EED9A', 'Access-Reject', '2018-05-03 15:23:31.100918-05', null, null);
INSERT INTO "public"."radpostauth" VALUES ('51', '48575443FC0EED9A@iway', '48575443FC0EED9A', 'Access-Reject', '2018-05-03 15:24:09.23464-05', null, null);
INSERT INTO "public"."radpostauth" VALUES ('52', '48575443FC0EED9A@iway', '48575443FC0EED9A', 'Access-Reject', '2018-05-03 15:24:47.420365-05', null, null);
INSERT INTO "public"."radpostauth" VALUES ('53', '48575443FC0EED9A@iway', '48575443FC0EED9A', 'Access-Reject', '2018-05-03 15:25:25.565277-05', null, null);
INSERT INTO "public"."radpostauth" VALUES ('54', '48575443FC0EED9A@iway', '48575443FC0EED9A', 'Access-Reject', '2018-05-03 15:26:03.77084-05', null, null);
INSERT INTO "public"."radpostauth" VALUES ('55', '48575443FC0EED9A@iway', '48575443FC0EED9A', 'Access-Reject', '2018-05-03 15:32:07.113109-05', null, null);
INSERT INTO "public"."radpostauth" VALUES ('56', '48575443FC0EED9A@iway', '48575443FC0EED9A', 'Access-Reject', '2018-05-03 15:32:45.29741-05', null, null);
INSERT INTO "public"."radpostauth" VALUES ('57', '48575443FC0EED9A@iway', '48575443FC0EED9A', 'Access-Reject', '2018-05-03 15:33:23.458087-05', null, null);
INSERT INTO "public"."radpostauth" VALUES ('58', '48575443FC0EED9A@iway', '48575443FC0EED9A', 'Access-Reject', '2018-05-03 15:45:52.313999-05', null, null);
INSERT INTO "public"."radpostauth" VALUES ('59', '48575443FC0EED9A@iway', '48575443FC0EED9A', 'Access-Reject', '2018-05-03 15:48:14.251223-05', null, null);
INSERT INTO "public"."radpostauth" VALUES ('60', '48575443FC0EED9A@iway', '48575443FC0EED9A', 'Access-Reject', '2018-05-03 15:55:12.485536-05', null, null);
INSERT INTO "public"."radpostauth" VALUES ('61', '48575443FC0EED9A@iway', '48575443FC0EED9A', 'Access-Accept', '2018-05-03 15:58:03.622208-05', null, null);
INSERT INTO "public"."radpostauth" VALUES ('62', 'user2@iway', 'Huawei123=3D24', 'Access-Reject', '2018-05-03 16:20:57.946875-05', null, null);
INSERT INTO "public"."radpostauth" VALUES ('63', 'user2@iway', 'Huawei123=3D24', 'Access-Reject', '2018-05-03 16:21:36.211409-05', null, null);
INSERT INTO "public"."radpostauth" VALUES ('64', 'user2@iway', 'Huawei123=3D24', 'Access-Reject', '2018-05-03 16:22:14.43655-05', null, null);
INSERT INTO "public"."radpostauth" VALUES ('65', 'user2@iway', 'Huawei123=3D24', 'Access-Reject', '2018-05-03 16:22:49.707504-05', null, null);
INSERT INTO "public"."radpostauth" VALUES ('66', 'user2@iway', 'Huawei123=3D24', 'Access-Reject', '2018-05-03 16:23:27.956711-05', null, null);
INSERT INTO "public"."radpostauth" VALUES ('67', 'user2@iway', 'Huawei123=3D24', 'Access-Reject', '2018-05-03 16:24:06.194786-05', null, null);
INSERT INTO "public"."radpostauth" VALUES ('68', 'user2@iway', 'Huawei123=3D24', 'Access-Reject', '2018-05-03 16:24:41.449267-05', null, null);
INSERT INTO "public"."radpostauth" VALUES ('69', 'user2@iway', 'Huawei123=3D24', 'Access-Reject', '2018-05-03 16:25:19.464388-05', null, null);
INSERT INTO "public"."radpostauth" VALUES ('70', 'user2@iway', 'Huawei123=3D24', 'Access-Reject', '2018-05-03 16:25:57.736976-05', null, null);
INSERT INTO "public"."radpostauth" VALUES ('71', 'user2@iway', 'Huawei123=3D24', 'Access-Reject', '2018-05-03 16:26:35.974452-05', null, null);
INSERT INTO "public"."radpostauth" VALUES ('72', 'user2@iway', 'Huawei123=3D24', 'Access-Reject', '2018-05-03 16:27:14.221323-05', null, null);
INSERT INTO "public"."radpostauth" VALUES ('73', 'user2@iway', 'Huawei123=3D24', 'Access-Reject', '2018-05-03 16:27:52.499932-05', null, null);
INSERT INTO "public"."radpostauth" VALUES ('74', 'user2@iway', 'Huawei123=3D24', 'Access-Reject', '2018-05-03 16:28:30.733998-05', null, null);
INSERT INTO "public"."radpostauth" VALUES ('75', 'user2@iway', 'Huawei123=3D24', 'Access-Reject', '2018-05-03 16:29:06.005735-05', null, null);
INSERT INTO "public"."radpostauth" VALUES ('76', 'user2@iway', 'Huawei123=3D24', 'Access-Reject', '2018-05-03 16:30:26.812926-05', null, null);
INSERT INTO "public"."radpostauth" VALUES ('77', 'user2@iway', 'Huawei123=3D24', 'Access-Reject', '2018-05-03 16:31:05.089978-05', null, null);
INSERT INTO "public"."radpostauth" VALUES ('78', '48575443FC0EED9A@iway', '48575443FC0EED9A', 'Access-Accept', '2018-05-03 16:31:14.381531-05', null, null);
INSERT INTO "public"."radpostauth" VALUES ('79', 'user2@iway', 'Huawei123=3D24', 'Access-Reject', '2018-05-03 16:31:43.352338-05', null, null);
INSERT INTO "public"."radpostauth" VALUES ('80', 'user2@iway', 'Huawei123=3D24', 'Access-Reject', '2018-05-03 16:32:21.58299-05', null, null);
INSERT INTO "public"."radpostauth" VALUES ('81', 'user2@iway', 'Huawei123=3D24', 'Access-Reject', '2018-05-03 16:32:59.836061-05', null, null);
INSERT INTO "public"."radpostauth" VALUES ('82', 'user2@iway', 'Huawei123=3D24', 'Access-Reject', '2018-05-03 16:33:38.062916-05', null, null);
INSERT INTO "public"."radpostauth" VALUES ('83', 'user2@iway', 'Huawei123=3D24', 'Access-Reject', '2018-05-03 16:34:16.312204-05', null, null);
INSERT INTO "public"."radpostauth" VALUES ('84', 'user2@iway', 'Huawei123=3D24', 'Access-Reject', '2018-05-03 16:34:54.57289-05', null, null);
INSERT INTO "public"."radpostauth" VALUES ('85', 'user2@iway', 'Huawei123=3D24', 'Access-Reject', '2018-05-03 16:35:29.817863-05', null, null);
INSERT INTO "public"."radpostauth" VALUES ('86', 'user2@iway', 'Huawei123=3D24', 'Access-Reject', '2018-05-03 16:36:05.062889-05', null, null);
INSERT INTO "public"."radpostauth" VALUES ('87', 'user2@iway', 'Huawei123=3D24', 'Access-Reject', '2018-05-03 16:36:43.29356-05', null, null);
INSERT INTO "public"."radpostauth" VALUES ('88', 'user2@iway', 'Huawei123=3D24', 'Access-Reject', '2018-05-03 16:37:21.313746-05', null, null);
INSERT INTO "public"."radpostauth" VALUES ('89', 'user2@iway', 'Huawei123=3D24', 'Access-Reject', '2018-05-03 16:37:59.338965-05', null, null);
INSERT INTO "public"."radpostauth" VALUES ('90', 'user2@iway', 'Huawei123=3D24', 'Access-Reject', '2018-05-03 16:38:37.38645-05', null, null);
INSERT INTO "public"."radpostauth" VALUES ('91', '4857544383243F9B@iway', '4857544383243F9B', 'Access-Reject', '2018-05-03 16:38:59.60466-05', null, null);
INSERT INTO "public"."radpostauth" VALUES ('92', '4857544383243F9B@iway', '4857544383243F9B', 'Access-Reject', '2018-05-03 16:39:37.865652-05', null, null);
INSERT INTO "public"."radpostauth" VALUES ('93', '4857544383243F9B@iway', '4857544383243F9B', 'Access-Reject', '2018-05-03 16:40:16.11164-05', null, null);
INSERT INTO "public"."radpostauth" VALUES ('94', '4857544383243F9B@iway', '4857544383243F9B', 'Access-Reject', '2018-05-03 16:40:54.160876-05', null, null);
INSERT INTO "public"."radpostauth" VALUES ('95', '4857544383243F9B@iway', '4857544383243F9B', 'Access-Reject', '2018-05-03 16:41:32.407874-05', null, null);
INSERT INTO "public"."radpostauth" VALUES ('96', '4857544383243F9B@iway', '4857544383243F9B', 'Access-Reject', '2018-05-03 16:42:10.628728-05', null, null);
INSERT INTO "public"."radpostauth" VALUES ('97', '4857544383243F9B@iway', '4857544383243F9B', 'Access-Reject', '2018-05-03 16:42:48.900232-05', null, null);
INSERT INTO "public"."radpostauth" VALUES ('98', '4857544383243F9B@iway', '4857544383243F9B', 'Access-Reject', '2018-05-03 16:43:27.140843-05', null, null);
INSERT INTO "public"."radpostauth" VALUES ('99', '4857544383243F9B@iway', '4857544383243F9B', 'Access-Accept', '2018-05-03 16:44:05.403022-05', null, null);
INSERT INTO "public"."radpostauth" VALUES ('100', '4857544383243F9B@iway', '4857544383243F9B', 'Access-Accept', '2018-05-03 16:57:03.202703-05', null, null);
INSERT INTO "public"."radpostauth" VALUES ('101', '48575443FC0EED9A@iway', '48575443FC0EED9A', 'Access-Accept', '2018-05-03 16:57:09.152287-05', null, null);
INSERT INTO "public"."radpostauth" VALUES ('102', '48575443FC0EED9A@iway', '48575443FC0EED9A', 'Access-Accept', '2018-05-03 17:26:05.11835-05', null, null);
INSERT INTO "public"."radpostauth" VALUES ('103', 'user2@iway', 'Huawei123=3D24', 'Access-Reject', '2018-05-04 09:13:49.989763-05', null, null);
INSERT INTO "public"."radpostauth" VALUES ('104', 'user2@iway', 'Huawei123=3D24', 'Access-Reject', '2018-05-04 09:13:58.9926-05', null, null);
INSERT INTO "public"."radpostauth" VALUES ('105', 'user2@iway', 'Huawei123=3D24', 'Access-Reject', '2018-05-04 09:14:28.208746-05', null, null);
INSERT INTO "public"."radpostauth" VALUES ('106', 'user2@iway', 'Huawei123=3D24', 'Access-Reject', '2018-05-04 09:14:37.43731-05', null, null);
INSERT INTO "public"."radpostauth" VALUES ('107', 'user2@iway', 'Huawei123=3D24', 'Access-Reject', '2018-05-04 09:15:06.734557-05', null, null);
INSERT INTO "public"."radpostauth" VALUES ('108', 'user2@iway', 'Huawei123=3D24', 'Access-Reject', '2018-05-04 09:15:45.014605-05', null, null);
INSERT INTO "public"."radpostauth" VALUES ('109', 'user2@iway', 'Huawei123=3D24', 'Access-Reject', '2018-05-04 09:16:23.307994-05', null, null);
INSERT INTO "public"."radpostauth" VALUES ('110', 'user2@iway', 'Huawei123=3D24', 'Access-Reject', '2018-05-04 09:17:01.542524-05', null, null);
INSERT INTO "public"."radpostauth" VALUES ('111', 'user2@iway', 'Huawei123=3D24', 'Access-Reject', '2018-05-04 09:17:39.8297-05', null, null);
INSERT INTO "public"."radpostauth" VALUES ('112', 'user2@iway', 'Huawei123=3D24', 'Access-Reject', '2018-05-04 09:18:18.105133-05', null, null);
INSERT INTO "public"."radpostauth" VALUES ('113', 'user2@iway', 'Huawei123=3D24', 'Access-Reject', '2018-05-04 09:18:56.368158-05', null, null);
INSERT INTO "public"."radpostauth" VALUES ('114', 'user2@iway', 'Huawei123=3D24', 'Access-Reject', '2018-05-04 09:21:16.976896-05', null, null);
INSERT INTO "public"."radpostauth" VALUES ('115', 'user2@iway', 'Huawei123=3D24', 'Access-Reject', '2018-05-04 09:21:31.98795-05', null, null);
INSERT INTO "public"."radpostauth" VALUES ('116', 'user2@iway', 'Huawei123=3D24', 'Access-Reject', '2018-05-04 09:21:54.979873-05', null, null);
INSERT INTO "public"."radpostauth" VALUES ('117', 'user2@iway', 'Huawei123=3D24', 'Access-Reject', '2018-05-04 09:22:10.256123-05', null, null);
INSERT INTO "public"."radpostauth" VALUES ('118', 'user2@iway', 'Huawei123=3D24', 'Access-Reject', '2018-05-04 09:22:33.486758-05', null, null);
INSERT INTO "public"."radpostauth" VALUES ('119', 'user2@iway', 'Huawei123=3D24', 'Access-Reject', '2018-05-04 09:22:48.731543-05', null, null);
INSERT INTO "public"."radpostauth" VALUES ('120', 'user2@iway', 'Huawei123=3D24', 'Access-Reject', '2018-05-04 09:23:10.942077-05', null, null);
INSERT INTO "public"."radpostauth" VALUES ('121', 'user2@iway', 'Huawei123=3D24', 'Access-Reject', '2018-05-04 09:23:27.161682-05', null, null);
INSERT INTO "public"."radpostauth" VALUES ('122', 'user2@iway', 'Huawei123=3D24', 'Access-Reject', '2018-05-04 09:23:49.374707-05', null, null);
INSERT INTO "public"."radpostauth" VALUES ('123', 'user2@iway', 'Huawei123=3D24', 'Access-Reject', '2018-05-04 09:24:05.619046-05', null, null);
INSERT INTO "public"."radpostauth" VALUES ('124', 'user2@iway', 'Huawei123=3D24', 'Access-Reject', '2018-05-04 09:24:26.849247-05', null, null);
INSERT INTO "public"."radpostauth" VALUES ('125', 'user2@iway', 'Huawei123=3D24', 'Access-Reject', '2018-05-04 09:24:44.092765-05', null, null);
INSERT INTO "public"."radpostauth" VALUES ('126', 'user2@iway', 'Huawei123=3D24', 'Access-Reject', '2018-05-04 09:25:02.339932-05', null, null);
INSERT INTO "public"."radpostauth" VALUES ('127', 'user2@iway', 'Huawei123=3D24', 'Access-Reject', '2018-05-04 09:25:19.611966-05', null, null);
INSERT INTO "public"."radpostauth" VALUES ('128', 'user2@iway', 'Huawei123=3D24', 'Access-Reject', '2018-05-04 09:25:39.863827-05', null, null);
INSERT INTO "public"."radpostauth" VALUES ('129', 'user2@iway', 'Huawei123=3D24', 'Access-Reject', '2018-05-04 09:25:58.083353-05', null, null);
INSERT INTO "public"."radpostauth" VALUES ('130', 'user2@iway', 'Huawei123=3D24', 'Access-Reject', '2018-05-04 09:26:18.264819-05', null, null);
INSERT INTO "public"."radpostauth" VALUES ('131', 'user2@iway', 'Huawei123=3D24', 'Access-Reject', '2018-05-04 09:26:33.493977-05', null, null);
INSERT INTO "public"."radpostauth" VALUES ('132', 'user2@iway', 'Huawei123=3D24', 'Access-Reject', '2018-05-04 09:26:56.69736-05', null, null);
INSERT INTO "public"."radpostauth" VALUES ('133', 'user2@iway', 'Huawei123=3D24', 'Access-Reject', '2018-05-04 09:27:10.935255-05', null, null);
INSERT INTO "public"."radpostauth" VALUES ('134', 'user2@iway', 'Huawei123=3D24', 'Access-Reject', '2018-05-04 09:27:35.200171-05', null, null);
INSERT INTO "public"."radpostauth" VALUES ('135', 'user2@iway', 'Huawei123=3D24', 'Access-Reject', '2018-05-04 09:27:49.39162-05', null, null);
INSERT INTO "public"."radpostauth" VALUES ('136', 'user2@iway', 'Huawei123=3D24', 'Access-Reject', '2018-05-04 09:28:10.661764-05', null, null);
INSERT INTO "public"."radpostauth" VALUES ('137', 'user2@iway', 'Huawei123=3D24', 'Access-Reject', '2018-05-04 09:28:26.900259-05', null, null);
INSERT INTO "public"."radpostauth" VALUES ('138', 'user2@iway', 'Huawei123=3D24', 'Access-Reject', '2018-05-04 09:28:46.22706-05', null, null);
INSERT INTO "public"."radpostauth" VALUES ('139', 'user2@iway', 'Huawei123=3D24', 'Access-Reject', '2018-05-04 09:29:05.495604-05', null, null);
INSERT INTO "public"."radpostauth" VALUES ('140', 'user2@iway', 'Huawei123=3D24', 'Access-Reject', '2018-05-04 09:29:24.732763-05', null, null);
INSERT INTO "public"."radpostauth" VALUES ('141', 'user2@iway', 'Huawei123=3D24', 'Access-Reject', '2018-05-04 09:29:42.944555-05', null, null);
INSERT INTO "public"."radpostauth" VALUES ('142', 'user2@iway', 'Huawei123=3D24', 'Access-Reject', '2018-05-04 09:30:03.218555-05', null, null);
INSERT INTO "public"."radpostauth" VALUES ('143', 'user2@iway', 'Huawei123=3D24', 'Access-Reject', '2018-05-04 09:30:21.452191-05', null, null);
INSERT INTO "public"."radpostauth" VALUES ('144', 'user2@iway', 'Huawei123=3D24', 'Access-Reject', '2018-05-04 09:30:41.471746-05', null, null);
INSERT INTO "public"."radpostauth" VALUES ('145', 'user2@iway', 'Huawei123=3D24', 'Access-Reject', '2018-05-04 09:30:59.689721-05', null, null);
INSERT INTO "public"."radpostauth" VALUES ('146', 'user2@iway', 'Huawei123=3D24', 'Access-Reject', '2018-05-04 09:32:37.38292-05', null, null);
INSERT INTO "public"."radpostauth" VALUES ('147', 'user2@iway', 'Huawei123=3D24', 'Access-Reject', '2018-05-04 09:33:15.677187-05', null, null);
INSERT INTO "public"."radpostauth" VALUES ('148', 'user2@iway', 'Huawei123=3D24', 'Access-Reject', '2018-05-04 09:33:50.96967-05', null, null);
INSERT INTO "public"."radpostauth" VALUES ('149', 'user2@iway', 'Huawei123=3D24', 'Access-Reject', '2018-05-04 09:34:29.236963-05', null, null);
INSERT INTO "public"."radpostauth" VALUES ('150', 'user2@iway', 'Huawei123=3D24', 'Access-Reject', '2018-05-04 09:35:07.506931-05', null, null);
INSERT INTO "public"."radpostauth" VALUES ('151', 'user2@iway', 'Huawei123=3D24', 'Access-Reject', '2018-05-04 09:35:45.829863-05', null, null);
INSERT INTO "public"."radpostauth" VALUES ('152', 'user2@iway', 'Huawei123=3D24', 'Access-Reject', '2018-05-04 09:36:24.078249-05', null, null);
INSERT INTO "public"."radpostauth" VALUES ('153', 'user2@iway', 'Huawei123=3D24', 'Access-Reject', '2018-05-04 09:37:02.31869-05', null, null);
INSERT INTO "public"."radpostauth" VALUES ('154', 'user2@iway', 'Huawei123=3D24', 'Access-Reject', '2018-05-04 09:37:40.561893-05', null, null);
INSERT INTO "public"."radpostauth" VALUES ('155', 'user2@iway', 'Huawei123=3D24', 'Access-Reject', '2018-05-04 09:38:15.813263-05', null, null);
INSERT INTO "public"."radpostauth" VALUES ('156', 'user2@iway', 'Huawei123=3D24', 'Access-Reject', '2018-05-04 09:38:54.063149-05', null, null);
INSERT INTO "public"."radpostauth" VALUES ('157', 'user2@iway', 'Huawei123=3D24', 'Access-Reject', '2018-05-04 09:39:32.329537-05', null, null);
INSERT INTO "public"."radpostauth" VALUES ('158', 'user2@iway', 'Huawei123=3D24', 'Access-Reject', '2018-05-04 09:40:10.579638-05', null, null);
INSERT INTO "public"."radpostauth" VALUES ('159', 'user2@iway', 'Huawei123=3D24', 'Access-Reject', '2018-05-04 09:40:48.789763-05', null, null);
INSERT INTO "public"."radpostauth" VALUES ('160', 'user2@iway', 'Huawei123=3D24', 'Access-Reject', '2018-05-04 09:41:27.062711-05', null, null);
INSERT INTO "public"."radpostauth" VALUES ('161', 'user2@iway', 'Huawei123=3D24', 'Access-Reject', '2018-05-04 09:42:05.089133-05', null, null);
INSERT INTO "public"."radpostauth" VALUES ('162', 'user2@iway', 'Huawei123=3D24', 'Access-Reject', '2018-05-04 09:42:43.340414-05', null, null);
INSERT INTO "public"."radpostauth" VALUES ('163', 'user2@iway', 'Huawei123=3D24', 'Access-Reject', '2018-05-04 09:43:21.5862-05', null, null);
INSERT INTO "public"."radpostauth" VALUES ('164', 'user2@iway', 'Huawei123=3D24', 'Access-Reject', '2018-05-04 09:43:59.818781-05', null, null);
INSERT INTO "public"."radpostauth" VALUES ('165', 'user2@iway', 'Huawei123=3D24', 'Access-Reject', '2018-05-04 09:44:38.052673-05', null, null);
INSERT INTO "public"."radpostauth" VALUES ('166', 'user2@iway', 'Huawei123=3D24', 'Access-Reject', '2018-05-04 09:45:16.294173-05', null, null);
INSERT INTO "public"."radpostauth" VALUES ('167', 'user2@iway', 'Huawei123=3D24', 'Access-Reject', '2018-05-04 09:45:54.549448-05', null, null);
INSERT INTO "public"."radpostauth" VALUES ('168', 'user2@iway', 'Huawei123=3D24', 'Access-Reject', '2018-05-04 09:46:32.805996-05', null, null);
INSERT INTO "public"."radpostauth" VALUES ('169', 'user2@iway', 'Huawei123=3D24', 'Access-Reject', '2018-05-04 09:47:11.043587-05', null, null);
INSERT INTO "public"."radpostauth" VALUES ('170', 'user2@iway', 'Huawei123=3D24', 'Access-Reject', '2018-05-04 09:47:46.294849-05', null, null);
INSERT INTO "public"."radpostauth" VALUES ('171', 'user2@iway', 'Huawei123=3D24', 'Access-Reject', '2018-05-04 09:48:24.540289-05', null, null);
INSERT INTO "public"."radpostauth" VALUES ('172', 'user2@iway', 'Huawei123=3D24', 'Access-Reject', '2018-05-04 09:49:02.602457-05', null, null);
INSERT INTO "public"."radpostauth" VALUES ('173', 'user2@iway', 'Huawei123=3D24', 'Access-Reject', '2018-05-04 09:49:40.840898-05', null, null);
INSERT INTO "public"."radpostauth" VALUES ('174', 'user2@iway', 'Huawei123=3D24', 'Access-Reject', '2018-05-04 09:50:19.085857-05', null, null);
INSERT INTO "public"."radpostauth" VALUES ('175', 'user2@iway', 'Huawei123=3D24', 'Access-Reject', '2018-05-04 09:50:57.109213-05', null, null);
INSERT INTO "public"."radpostauth" VALUES ('176', 'user2@iway', 'Huawei123=3D24', 'Access-Reject', '2018-05-04 09:51:35.340387-05', null, null);
INSERT INTO "public"."radpostauth" VALUES ('177', 'user2@iway', 'Huawei123=3D24', 'Access-Reject', '2018-05-04 09:52:13.6112-05', null, null);
INSERT INTO "public"."radpostauth" VALUES ('178', 'user2@iway', 'Huawei123=3D24', 'Access-Reject', '2018-05-04 09:52:51.844529-05', null, null);
INSERT INTO "public"."radpostauth" VALUES ('179', 'user2@iway', 'Huawei123=3D24', 'Access-Reject', '2018-05-04 09:53:29.91136-05', null, null);
INSERT INTO "public"."radpostauth" VALUES ('180', 'user2@iway', 'Huawei123=3D24', 'Access-Reject', '2018-05-04 09:54:08.16539-05', null, null);
INSERT INTO "public"."radpostauth" VALUES ('181', 'user2@iway', 'Huawei123=3D24', 'Access-Reject', '2018-05-04 09:54:46.403992-05', null, null);
INSERT INTO "public"."radpostauth" VALUES ('182', 'user2@iway', 'Huawei123=3D24', 'Access-Reject', '2018-05-04 09:55:24.679045-05', null, null);
INSERT INTO "public"."radpostauth" VALUES ('183', 'user2@iway', 'Huawei123=3D24', 'Access-Reject', '2018-05-04 09:55:59.928908-05', null, null);
INSERT INTO "public"."radpostauth" VALUES ('184', 'user2@iway', 'Huawei123=3D24', 'Access-Reject', '2018-05-04 09:56:37.942396-05', null, null);
INSERT INTO "public"."radpostauth" VALUES ('185', 'user2@iway', 'Huawei123=3D24', 'Access-Reject', '2018-05-04 09:57:15.994245-05', null, null);
INSERT INTO "public"."radpostauth" VALUES ('186', 'user2@iway', 'Huawei123=3D24', 'Access-Reject', '2018-05-04 09:57:54.246211-05', null, null);
INSERT INTO "public"."radpostauth" VALUES ('187', 'user2@iway', 'Huawei123=3D24', 'Access-Reject', '2018-05-04 09:58:32.291162-05', null, null);
INSERT INTO "public"."radpostauth" VALUES ('188', 'user2@iway', 'Huawei123=3D24', 'Access-Reject', '2018-05-04 09:59:10.543708-05', null, null);
INSERT INTO "public"."radpostauth" VALUES ('189', 'user2@iway', 'Huawei123=3D24', 'Access-Reject', '2018-05-04 09:59:48.760203-05', null, null);
INSERT INTO "public"."radpostauth" VALUES ('190', 'user2@iway', 'Huawei123=3D24', 'Access-Reject', '2018-05-04 10:00:27.011974-05', null, null);
INSERT INTO "public"."radpostauth" VALUES ('191', 'user2@iway', 'Huawei123=3D24', 'Access-Reject', '2018-05-04 10:01:05.263691-05', null, null);
INSERT INTO "public"."radpostauth" VALUES ('192', 'user2@iway', 'Huawei123=3D24', 'Access-Reject', '2018-05-04 10:01:43.473665-05', null, null);
INSERT INTO "public"."radpostauth" VALUES ('193', 'user2@iway', 'Huawei123=3D24', 'Access-Reject', '2018-05-04 10:02:21.719295-05', null, null);
INSERT INTO "public"."radpostauth" VALUES ('194', 'user2@iway', 'Huawei123=3D24', 'Access-Reject', '2018-05-04 10:02:59.957898-05', null, null);
INSERT INTO "public"."radpostauth" VALUES ('195', 'user2@iway', 'Huawei123=3D24', 'Access-Reject', '2018-05-04 10:03:38.190899-05', null, null);
INSERT INTO "public"."radpostauth" VALUES ('196', 'user2@iway', 'Huawei123=3D24', 'Access-Reject', '2018-05-04 10:04:13.464915-05', null, null);
INSERT INTO "public"."radpostauth" VALUES ('197', 'user2@iway', 'Huawei123=3D24', 'Access-Reject', '2018-05-04 10:04:48.735165-05', null, null);
INSERT INTO "public"."radpostauth" VALUES ('198', 'user2@iway', 'Huawei123=3D24', 'Access-Reject', '2018-05-04 10:05:26.946528-05', null, null);
INSERT INTO "public"."radpostauth" VALUES ('199', 'user2@iway', 'Huawei123=3D24', 'Access-Reject', '2018-05-04 10:06:05.201154-05', null, null);
INSERT INTO "public"."radpostauth" VALUES ('200', 'user2@iway', 'Huawei123=3D24', 'Access-Reject', '2018-05-04 10:06:43.457319-05', null, null);
INSERT INTO "public"."radpostauth" VALUES ('201', 'user2@iway', 'Huawei123=3D24', 'Access-Reject', '2018-05-04 10:07:21.68501-05', null, null);
INSERT INTO "public"."radpostauth" VALUES ('202', 'user2@iway', 'Huawei123=3D24', 'Access-Reject', '2018-05-04 10:07:59.924126-05', null, null);
INSERT INTO "public"."radpostauth" VALUES ('203', 'user2@iway', 'Huawei123=3D24', 'Access-Reject', '2018-05-04 10:08:38.14819-05', null, null);
INSERT INTO "public"."radpostauth" VALUES ('204', 'user2@iway', 'Huawei123=3D24', 'Access-Reject', '2018-05-04 10:09:16.437006-05', null, null);
INSERT INTO "public"."radpostauth" VALUES ('205', 'user2@iway', 'Huawei123=3D24', 'Access-Reject', '2018-05-04 10:09:54.723452-05', null, null);
INSERT INTO "public"."radpostauth" VALUES ('206', 'user2@iway', 'Huawei123=3D24', 'Access-Reject', '2018-05-04 10:10:32.986911-05', null, null);
INSERT INTO "public"."radpostauth" VALUES ('207', 'user2@iway', 'Huawei123=3D24', 'Access-Reject', '2018-05-04 10:11:11.234782-05', null, null);
INSERT INTO "public"."radpostauth" VALUES ('208', 'user2@iway', 'Huawei123=3D24', 'Access-Reject', '2018-05-04 10:11:49.463273-05', null, null);
INSERT INTO "public"."radpostauth" VALUES ('209', 'user2@iway', 'Huawei123=3D24', 'Access-Reject', '2018-05-04 10:12:27.725926-05', null, null);
INSERT INTO "public"."radpostauth" VALUES ('210', 'user2@iway', 'Huawei123=3D24', 'Access-Reject', '2018-05-04 10:13:06.004082-05', null, null);
INSERT INTO "public"."radpostauth" VALUES ('211', 'user2@iway', 'Huawei123=3D24', 'Access-Reject', '2018-05-04 10:13:44.272776-05', null, null);
INSERT INTO "public"."radpostauth" VALUES ('212', 'user2@iway', 'Huawei123=3D24', 'Access-Reject', '2018-05-04 10:14:22.537082-05', null, null);
INSERT INTO "public"."radpostauth" VALUES ('213', 'user2@iway', 'Huawei123=3D24', 'Access-Reject', '2018-05-04 10:14:57.819515-05', null, null);
INSERT INTO "public"."radpostauth" VALUES ('214', 'user2@iway', 'Huawei123=3D24', 'Access-Reject', '2018-05-04 10:15:36.067103-05', null, null);
INSERT INTO "public"."radpostauth" VALUES ('215', 'user2@iway', 'Huawei123=3D24', 'Access-Reject', '2018-05-04 10:16:14.323455-05', null, null);
INSERT INTO "public"."radpostauth" VALUES ('216', 'user2@iway', 'Huawei123=3D24', 'Access-Reject', '2018-05-04 10:16:49.587152-05', null, null);
INSERT INTO "public"."radpostauth" VALUES ('217', 'user2@iway', 'Huawei123=3D24', 'Access-Reject', '2018-05-04 10:17:27.831526-05', null, null);
INSERT INTO "public"."radpostauth" VALUES ('218', 'user2@iway', 'Huawei123=3D24', 'Access-Reject', '2018-05-04 10:18:06.121754-05', null, null);
INSERT INTO "public"."radpostauth" VALUES ('219', 'user2@iway', 'Huawei123=3D24', 'Access-Reject', '2018-05-04 10:18:41.389904-05', null, null);
INSERT INTO "public"."radpostauth" VALUES ('220', 'user2@iway', 'Huawei123=3D24', 'Access-Reject', '2018-05-04 10:19:19.620003-05', null, null);
INSERT INTO "public"."radpostauth" VALUES ('221', 'user2@iway', 'Huawei123=3D24', 'Access-Reject', '2018-05-04 10:19:57.862957-05', null, null);
INSERT INTO "public"."radpostauth" VALUES ('222', 'user2@iway', 'Huawei123=3D24', 'Access-Reject', '2018-05-04 10:20:36.111418-05', null, null);
INSERT INTO "public"."radpostauth" VALUES ('223', 'user2@iway', 'Huawei123=3D24', 'Access-Reject', '2018-05-04 10:21:14.413507-05', null, null);
INSERT INTO "public"."radpostauth" VALUES ('224', 'user2@iway', 'Huawei123=3D24', 'Access-Reject', '2018-05-04 10:21:52.694217-05', null, null);
INSERT INTO "public"."radpostauth" VALUES ('225', 'user2@iway', 'Huawei123=3D24', 'Access-Reject', '2018-05-04 10:22:30.937281-05', null, null);
INSERT INTO "public"."radpostauth" VALUES ('226', 'user2@iway', 'Huawei123=3D24', 'Access-Reject', '2018-05-04 10:23:09.211068-05', null, null);
INSERT INTO "public"."radpostauth" VALUES ('227', 'user2@iway', 'Huawei123=3D24', 'Access-Reject', '2018-05-04 10:23:47.453526-05', null, null);
INSERT INTO "public"."radpostauth" VALUES ('228', 'user2@iway', 'Huawei123=3D24', 'Access-Reject', '2018-05-04 10:24:25.705358-05', null, null);
INSERT INTO "public"."radpostauth" VALUES ('229', 'user2@iway', 'Huawei123=3D24', 'Access-Reject', '2018-05-04 10:25:03.92187-05', null, null);
INSERT INTO "public"."radpostauth" VALUES ('230', 'user2@iway', 'Huawei123=3D24', 'Access-Reject', '2018-05-04 10:25:42.146308-05', null, null);
INSERT INTO "public"."radpostauth" VALUES ('231', 'user2@iway', 'Huawei123=3D24', 'Access-Reject', '2018-05-04 10:26:17.399286-05', null, null);
INSERT INTO "public"."radpostauth" VALUES ('232', 'user2@iway', 'Huawei123=3D24', 'Access-Reject', '2018-05-04 10:26:55.621035-05', null, null);
INSERT INTO "public"."radpostauth" VALUES ('233', 'user2@iway', 'Huawei123=3D24', 'Access-Reject', '2018-05-04 10:27:33.877647-05', null, null);
INSERT INTO "public"."radpostauth" VALUES ('234', 'user2@iway', 'Huawei123=3D24', 'Access-Reject', '2018-05-04 10:28:12.105174-05', null, null);
INSERT INTO "public"."radpostauth" VALUES ('235', 'user2@iway', 'Huawei123=3D24', 'Access-Reject', '2018-05-04 10:28:50.407888-05', null, null);
INSERT INTO "public"."radpostauth" VALUES ('236', 'user2@iway', 'Huawei123=3D24', 'Access-Reject', '2018-05-04 10:29:28.621451-05', null, null);
INSERT INTO "public"."radpostauth" VALUES ('237', 'user2@iway', 'Huawei123=3D24', 'Access-Reject', '2018-05-04 10:30:03.882956-05', null, null);
INSERT INTO "public"."radpostauth" VALUES ('238', 'user2@iway', 'Huawei123=3D24', 'Access-Reject', '2018-05-04 10:30:42.147971-05', null, null);
INSERT INTO "public"."radpostauth" VALUES ('239', 'user2@iway', 'Huawei123=3D24', 'Access-Reject', '2018-05-04 10:31:20.452988-05', null, null);
INSERT INTO "public"."radpostauth" VALUES ('240', 'user2@iway', 'Huawei123=3D24', 'Access-Reject', '2018-05-04 10:31:58.697743-05', null, null);
INSERT INTO "public"."radpostauth" VALUES ('241', 'user2@iway', 'Huawei123=3D24', 'Access-Reject', '2018-05-04 10:32:36.917899-05', null, null);
INSERT INTO "public"."radpostauth" VALUES ('242', 'user2@iway', 'Huawei123=3D24', 'Access-Reject', '2018-05-04 10:33:15.152758-05', null, null);
INSERT INTO "public"."radpostauth" VALUES ('243', 'user2@iway', 'Huawei123=3D24', 'Access-Reject', '2018-05-04 10:33:53.424606-05', null, null);
INSERT INTO "public"."radpostauth" VALUES ('244', 'user2@iway', 'Huawei123=3D24', 'Access-Reject', '2018-05-04 10:34:31.662241-05', null, null);
INSERT INTO "public"."radpostauth" VALUES ('245', 'user2@iway', 'Huawei123=3D24', 'Access-Reject', '2018-05-04 10:35:09.889289-05', null, null);
INSERT INTO "public"."radpostauth" VALUES ('246', 'user2@iway', 'Huawei123=3D24', 'Access-Reject', '2018-05-04 10:35:48.134431-05', null, null);
INSERT INTO "public"."radpostauth" VALUES ('247', 'user2@iway', 'Huawei123=3D24', 'Access-Reject', '2018-05-04 10:36:26.42425-05', null, null);
INSERT INTO "public"."radpostauth" VALUES ('248', 'user2@iway', 'Huawei123=3D24', 'Access-Reject', '2018-05-04 10:37:04.681469-05', null, null);
INSERT INTO "public"."radpostauth" VALUES ('249', 'user2@iway', 'Huawei123=3D24', 'Access-Reject', '2018-05-04 10:37:42.920927-05', null, null);
INSERT INTO "public"."radpostauth" VALUES ('250', 'user2@iway', 'Huawei123=3D24', 'Access-Reject', '2018-05-04 10:38:21.17301-05', null, null);
INSERT INTO "public"."radpostauth" VALUES ('251', 'user2@iway', 'Huawei123=3D24', 'Access-Reject', '2018-05-04 10:38:56.467497-05', null, null);
INSERT INTO "public"."radpostauth" VALUES ('252', 'user2@iway', 'Huawei123=3D24', 'Access-Reject', '2018-05-04 10:39:34.534298-05', null, null);
INSERT INTO "public"."radpostauth" VALUES ('253', 'user2@iway', 'Huawei123=3D24', 'Access-Reject', '2018-05-04 10:40:09.809388-05', null, null);
INSERT INTO "public"."radpostauth" VALUES ('254', 'user2@iway', 'Huawei123=3D24', 'Access-Reject', '2018-05-04 10:40:48.058674-05', null, null);
INSERT INTO "public"."radpostauth" VALUES ('255', 'user2@iway', 'Huawei123=3D24', 'Access-Reject', '2018-05-04 10:41:26.31567-05', null, null);
INSERT INTO "public"."radpostauth" VALUES ('256', 'user2@iway', 'Huawei123=3D24', 'Access-Reject', '2018-05-04 10:42:04.557532-05', null, null);
INSERT INTO "public"."radpostauth" VALUES ('257', 'user2@iway', 'Huawei123=3D24', 'Access-Reject', '2018-05-04 10:42:42.792938-05', null, null);
INSERT INTO "public"."radpostauth" VALUES ('258', 'user2@iway', 'Huawei123=3D24', 'Access-Reject', '2018-05-04 10:43:18.039426-05', null, null);
INSERT INTO "public"."radpostauth" VALUES ('259', 'user2@iway', 'Huawei123=3D24', 'Access-Reject', '2018-05-04 10:43:56.251012-05', null, null);
INSERT INTO "public"."radpostauth" VALUES ('260', 'user2@iway', 'Huawei123=3D24', 'Access-Reject', '2018-05-04 10:44:34.511743-05', null, null);
INSERT INTO "public"."radpostauth" VALUES ('261', 'user2@iway', 'Huawei123=3D24', 'Access-Reject', '2018-05-04 10:45:12.783601-05', null, null);
INSERT INTO "public"."radpostauth" VALUES ('262', 'user2@iway', 'Huawei123=3D24', 'Access-Reject', '2018-05-04 10:45:51.013077-05', null, null);
INSERT INTO "public"."radpostauth" VALUES ('263', 'user2@iway', 'Huawei123=3D24', 'Access-Reject', '2018-05-04 10:46:29.268225-05', null, null);
INSERT INTO "public"."radpostauth" VALUES ('264', 'user2@iway', 'Huawei123=3D24', 'Access-Reject', '2018-05-04 10:47:07.500776-05', null, null);
INSERT INTO "public"."radpostauth" VALUES ('265', 'user2@iway', 'Huawei123=3D24', 'Access-Reject', '2018-05-04 10:47:45.773479-05', null, null);
INSERT INTO "public"."radpostauth" VALUES ('266', 'user2@iway', 'Huawei123=3D24', 'Access-Reject', '2018-05-04 10:48:24.009921-05', null, null);
INSERT INTO "public"."radpostauth" VALUES ('267', 'user2@iway', 'Huawei123=3D24', 'Access-Reject', '2018-05-04 10:49:02.271426-05', null, null);
INSERT INTO "public"."radpostauth" VALUES ('268', 'user2@iway', 'Huawei123=3D24', 'Access-Reject', '2018-05-04 10:49:40.546209-05', null, null);
INSERT INTO "public"."radpostauth" VALUES ('269', 'user2@iway', 'Huawei123=3D24', 'Access-Reject', '2018-05-04 10:50:18.789259-05', null, null);
INSERT INTO "public"."radpostauth" VALUES ('270', 'user2@iway', 'Huawei123=3D24', 'Access-Reject', '2018-05-04 10:50:53.011607-05', null, null);
INSERT INTO "public"."radpostauth" VALUES ('271', 'user2@iway', 'Huawei123=3D24', 'Access-Reject', '2018-05-14 17:55:52.33631-05', null, null);
INSERT INTO "public"."radpostauth" VALUES ('272', 'user2@iway', 'Huawei123=3D24', 'Access-Reject', '2018-05-14 17:56:30.56229-05', null, null);
INSERT INTO "public"."radpostauth" VALUES ('273', 'user2@iway', 'Huawei123=3D24', 'Access-Reject', '2018-05-14 17:57:08.701716-05', null, null);
INSERT INTO "public"."radpostauth" VALUES ('274', 'user2@iway', 'Huawei123=3D24', 'Access-Reject', '2018-05-14 17:57:43.896978-05', null, null);
INSERT INTO "public"."radpostauth" VALUES ('275', 'user2@iway', 'Huawei123=3D24', 'Access-Reject', '2018-05-14 17:58:22.086068-05', null, null);
INSERT INTO "public"."radpostauth" VALUES ('276', 'user2@iway', 'Huawei123=3D24', 'Access-Reject', '2018-05-14 17:59:00.23825-05', null, null);
INSERT INTO "public"."radpostauth" VALUES ('277', 'user2@iway', 'Huawei123=3D24', 'Access-Reject', '2018-05-14 17:59:38.419289-05', null, null);
INSERT INTO "public"."radpostauth" VALUES ('278', 'user2@iway', 'Huawei123=3D24', 'Access-Reject', '2018-05-14 18:00:16.570449-05', null, null);
INSERT INTO "public"."radpostauth" VALUES ('279', 'user2@iway', 'Huawei123=3D24', 'Access-Reject', '2018-05-14 18:00:51.754688-05', null, null);
INSERT INTO "public"."radpostauth" VALUES ('280', 'user2@iway', 'Huawei123=3D24', 'Access-Reject', '2018-05-14 18:01:29.911721-05', null, null);
INSERT INTO "public"."radpostauth" VALUES ('281', 'user2@iway', 'Huawei123=3D24', 'Access-Reject', '2018-05-14 18:02:08.081931-05', null, null);
INSERT INTO "public"."radpostauth" VALUES ('282', 'user2@iway', 'Huawei123=3D24', 'Access-Accept', '2018-05-14 18:02:46.265879-05', null, null);
INSERT INTO "public"."radpostauth" VALUES ('283', 'admin@iway', 'Huawei123=3D24', 'Access-Accept', '2018-05-14 18:03:01.16454-05', null, null);
INSERT INTO "public"."radpostauth" VALUES ('284', '1234adasd@iway', 'asdasfaf', 'Access-Accept', '2018-05-14 18:04:19.787661-05', null, null);
INSERT INTO "public"."radpostauth" VALUES ('285', '1234adasd@iway', 'asdasfaf', 'Access-Accept', '2018-05-14 18:06:03.442397-05', null, null);
INSERT INTO "public"."radpostauth" VALUES ('286', '1234adasd@iway', 'sefoiekjdoi', 'Access-Reject', '2018-05-14 18:08:36.485832-05', null, null);
INSERT INTO "public"."radpostauth" VALUES ('287', '1234adasd@iway', 'sefoiekjdoi', 'Access-Reject', '2018-05-14 18:09:14.672877-05', null, null);
INSERT INTO "public"."radpostauth" VALUES ('288', '1234adasd@iway', 'sefoiekjdoi', 'Access-Reject', '2018-05-14 18:09:52.629943-05', null, null);
INSERT INTO "public"."radpostauth" VALUES ('289', '1234adasd@iway', 'sefoiekjdoi', 'Access-Reject', '2018-05-14 18:10:30.78542-05', null, null);
INSERT INTO "public"."radpostauth" VALUES ('290', '1234adasd@iway', 'sefoiekjdoi', 'Access-Reject', '2018-05-14 18:11:08.929199-05', null, null);
INSERT INTO "public"."radpostauth" VALUES ('291', '1234adasd@iway', '=3D16=3DBE=3D94-9=3DB0R=5Ct=3D09y=3D86FxȈ=3DF3', 'Access-Reject', '2018-05-14 18:36:08.171777-05', null, null);
INSERT INTO "public"."radpostauth" VALUES ('292', '1234adasd@iway', '=3D16=3DBE=3D94-9=3DB0R=5Ct=3D09y=3D86FxȈ=3DF3', 'Access-Reject', '2018-05-14 18:36:16.199734-05', null, null);
INSERT INTO "public"."radpostauth" VALUES ('293', '1234adasd@iway', '=3D16=3DBE=3D94-9=3DB0R=5Ct=3D09y=3D86FxȈ=3DF3', 'Access-Reject', '2018-05-14 18:36:24.219753-05', null, null);
INSERT INTO "public"."radpostauth" VALUES ('294', '1234adasd@iway', '=3D1C=3DAE=3D3C=3DE6Xk=3DC0=5Cnc0XjV=3DD55=3D02', 'Access-Reject', '2018-05-14 18:37:59.738095-05', null, null);
INSERT INTO "public"."radpostauth" VALUES ('295', '1234adasd@iway', 'c=3DC1=3D3Dbt=3D0B=3D2C=3D14=3D86=3DA3=3DB9=3DA1Y=3DD2n=3D81', 'Access-Reject', '2018-05-14 18:38:14.217985-05', null, null);
INSERT INTO "public"."radpostauth" VALUES ('296', '1234adasd@iway', 'Y=3D85S=3DB5=3DB1=3D05L=3D9A=3D94X=3DFD=3D9B=3D0B=3D82=3DCA=3D0F', 'Access-Reject', '2018-05-14 18:38:31.101482-05', null, null);
INSERT INTO "public"."radpostauth" VALUES ('297', '1234adasd@iway', '=3D9F=3DA3=3D0B=3D27=3DCB=3D5D=3D24ˎ=3DF0W=3DA6=3D8BՕ=3DC8', 'Access-Reject', '2018-05-14 18:38:40.930948-05', null, null);
INSERT INTO "public"."radpostauth" VALUES ('298', '1234adasd@iway', '=3DA4', 'Access-Reject', '2018-05-14 18:39:00.287673-05', null, null);
INSERT INTO "public"."radpostauth" VALUES ('299', '1234adasd@iway', 'S=3DB3=3DD3=3DD6=3DF9=3DACa=3DA9N=3DFA_=3D16=3DEC=3D92=3D26=3D0C', 'Access-Reject', '2018-05-14 18:39:47.729964-05', null, null);
INSERT INTO "public"."radpostauth" VALUES ('300', '1234adasd@iway', '=3D93=3D0C=3DA2ͽx=3D91GŤ=3DC6GE=3D11E=3DFD', 'Access-Reject', '2018-05-14 18:49:21.664339-05', null, null);
INSERT INTO "public"."radpostauth" VALUES ('301', '1234adasd@iway', '=3D1C=3DE8/=3D9C=3D18z=3D3D=3DF8=3DDC=3D7D=3D1F=3D7E=3DA6=3DF2-=3DDB', 'Access-Accept', '2018-05-14 19:10:40.687022-05', null, null);
INSERT INTO "public"."radpostauth" VALUES ('302', '1234adasd@iway', 'V=3DB4w=3DB2=3D92n=3DA7=3D8F=3D25=3D22/0=3D8F=3DA4=3D9F=3D23', 'Access-Accept', '2018-05-14 19:11:06.087355-05', null, null);
INSERT INTO "public"."radpostauth" VALUES ('303', '1234adasd@iway', '=3D7D=3D9A=3DFB=3DAF=3DCA7y=3DE4=3DFDw=3DE9', 'Access-Accept', '2018-05-14 19:14:47.742938-05', null, null);
INSERT INTO "public"."radpostauth" VALUES ('304', '1234adasd@iway', 'r=3DCCܐ=3DDB=3DC2=3DE8ЎJ=3D3F=3D89=3D29u=3DEEU', 'Access-Accept', '2018-05-14 19:15:09.80499-05', null, null);
INSERT INTO "public"."radpostauth" VALUES ('305', '1234adasd@iway', '=3D14߯=3D12L=3D80Ց=3D13=3D8CN=3D22=3DF3Tʶ', 'Access-Accept', '2018-05-14 19:17:33.097502-05', null, null);
INSERT INTO "public"."radpostauth" VALUES ('306', '1234adasd@iway', '=3D5Cх=3DE9w=3DD3e:k=3D82=3D10=3DDA=3DCA=3DC6=3D0Cu', 'Access-Accept', '2018-05-14 19:20:12.68586-05', null, null);
INSERT INTO "public"."radpostauth" VALUES ('307', '1234adasd@iway', 'W=3D2C1=3D01=3D19tܹz=3D1A=3DC5A=3D19=3D05=3D60=3DF1', 'Access-Accept', '2018-05-14 19:20:22.249477-05', null, null);
INSERT INTO "public"."radpostauth" VALUES ('308', '1234adasd@iway', '=3D1C=3D1D=3DD2=3D1BѿFg=3D8FttNꐔ=3D80', 'Access-Accept', '2018-05-14 19:21:11.960378-05', null, null);
INSERT INTO "public"."radpostauth" VALUES ('309', '1234adasd@iway', 'vt2=3DBBS=3D27=3D29=3DB3=3D3EŽpb=3DBF2Y', 'Access-Accept', '2018-05-14 19:21:33.043537-05', null, null);
INSERT INTO "public"."radpostauth" VALUES ('310', '1234adasd@iway', 'vt2=3DBBS=3D27=3D29=3DB3=3D3EŽpb=3DBF2Y', 'Access-Accept', '2018-05-14 19:21:40.617595-05', null, null);
INSERT INTO "public"."radpostauth" VALUES ('311', '1234adasd@iway', 'A_ݬč=3DA8=3D02FG=3D3D=3DC3=3D3C=3DED=3DFC=3DB8', 'Access-Accept', '2018-05-14 19:21:48.509854-05', null, null);
INSERT INTO "public"."radpostauth" VALUES ('312', '1234adasd@iway', '0N=3DA7=3D89=3D9A=3DDD=3D02=3D8B=3D5DF=3D17=3D5B=3D89=3DF3=3DD3=3D0C', 'Access-Accept', '2018-05-14 19:24:29.7031-05', null, null);
INSERT INTO "public"."radpostauth" VALUES ('313', '1234adasd@iway', 'tX=3DF8P=3DE0R=3DB6=3D5D=3D07.w=3D07V=3D88B8', 'Access-Accept', '2018-05-14 19:24:56.314328-05', null, null);
INSERT INTO "public"."radpostauth" VALUES ('314', '1234adasd@iway', '=3DEC=3DC6i=3D9Edm@=3D9A=3DBA=3DB3=3D86=3DBD=3D18=3DE1=3D5D=3DD5', 'Access-Accept', '2018-05-14 19:31:35.8463-05', null, null);
INSERT INTO "public"."radpostauth" VALUES ('315', '23e2eqfae@iway', 'sacdqewe9jpojo', 'Access-Accept', '2018-05-15 16:33:51.280594-05', null, null);
INSERT INTO "public"."radpostauth" VALUES ('316', '23423rewr@iway', 'sacdqewe9jpojo', 'Access-Accept', '2018-05-15 16:37:08.231695-05', null, null);
INSERT INTO "public"."radpostauth" VALUES ('317', 'ugkhkljl@iway', 'sacdqewe9jpojo', 'Access-Accept', '2018-05-15 18:21:42.701825-05', null, null);
INSERT INTO "public"."radpostauth" VALUES ('318', 'ugkhkljl@iway', 'adaerp21okepqok', 'Access-Accept', '2018-05-15 18:29:32.168621-05', null, null);
INSERT INTO "public"."radpostauth" VALUES ('319', 'ugkhkljl@iway', 'adaerp21okepqok', 'Access-Accept', '2018-05-15 18:40:08.815432-05', null, null);

-- ----------------------------
-- Table structure for "public"."radreply"
-- ----------------------------
-- DROP TABLE "public"."radreply";
CREATE TABLE "public"."radreply" (
"id" int4 NOT NULL,
"created" timestamptz(6) NOT NULL,
"modified" timestamptz(6) NOT NULL,
"username" varchar(64) NOT NULL,
"value" varchar(253) NOT NULL,
"op" varchar(2) NOT NULL,
"attribute" varchar(64) NOT NULL
)
WITH (OIDS=FALSE)

;

-- ----------------------------
-- Records of radreply
-- ----------------------------
INSERT INTO "public"."radreply" VALUES ('1', '2018-05-02 10:26:53.040106-05', '2018-05-03 17:24:40.824388-05', '485754439B9D239B@iway', '20M-10Mup', '+=', 'Huawei-Qos-Profile-Name');
INSERT INTO "public"."radreply" VALUES ('2', '2018-05-02 10:27:35.306624-05', '2018-05-03 17:24:28.926062-05', '485754439B9D239B@iway', '20M-10Mdown', '+=', 'Huawei-Down-QOS-Profile-Name');
INSERT INTO "public"."radreply" VALUES ('3', '2018-05-03 15:18:50.693428-05', '2018-05-03 17:24:22.312532-05', '48575443FC0EED9A@iway', '20M-10Mup', '+=', 'Huawei-Qos-Profile-Name');
INSERT INTO "public"."radreply" VALUES ('7', '2018-05-22 20:20:35-05', '2018-05-22 20:20:35-05', '123456789012', '123456789012', '+=', 'Huawei-User-Mac');
INSERT INTO "public"."radreply" VALUES ('8', '2018-05-22 20:20:35-05', '2018-05-22 20:20:35-05', '123456789012', '123456789012', '+=', 'Huawei-Down-QOS-Profile-Name');
INSERT INTO "public"."radreply" VALUES ('9', '2018-05-22 20:20:35-05', '2018-05-22 20:20:35-05', '123456789012', '123456789012', '+=', 'Huawei-QOS-Profile-Name');
INSERT INTO "public"."radreply" VALUES ('10', '2018-05-22 20:23:50-05', '2018-05-22 20:23:50-05', '098765432109', '098765432109', '+=', 'Huawei-User-Mac');
INSERT INTO "public"."radreply" VALUES ('11', '2018-05-22 20:23:50-05', '2018-05-22 20:23:50-05', '098765432109', '098765432109', '+=', 'Huawei-Down-QOS-Profile-Name');
INSERT INTO "public"."radreply" VALUES ('12', '2018-05-22 20:23:50-05', '2018-05-22 20:23:50-05', '098765432109', '098765432109', '+=', 'Huawei-QOS-Profile-Name');
INSERT INTO "public"."radreply" VALUES ('13', '2018-05-22 20:31:00-05', '2018-05-22 20:31:00-05', '1343se54w4w4stgs', '1343se54w4w4stgs', '+=', 'Huawei-User-Mac');
INSERT INTO "public"."radreply" VALUES ('14', '2018-05-22 20:31:00-05', '2018-05-22 20:31:00-05', '1343se54w4w4stgs', '1343se54w4w4stgs', '+=', 'Huawei-Down-QOS-Profile-Name');
INSERT INTO "public"."radreply" VALUES ('15', '2018-05-22 20:31:00-05', '2018-05-22 20:31:00-05', '1343se54w4w4stgs', '1343se54w4w4stgs', '+=', 'Huawei-QOS-Profile-Name');
INSERT INTO "public"."radreply" VALUES ('16', '2018-05-22 20:51:09-05', '2018-05-22 20:51:09-05', '122312312331233', '122312312331233', '+=', 'Huawei-User-Mac');
INSERT INTO "public"."radreply" VALUES ('17', '2018-05-22 20:51:09-05', '2018-05-22 20:51:09-05', '122312312331233', '122312312331233', '+=', 'Huawei-Down-QOS-Profile-Name');
INSERT INTO "public"."radreply" VALUES ('18', '2018-05-22 20:51:09-05', '2018-05-22 20:51:09-05', '122312312331233', '122312312331233', '+=', 'Huawei-QOS-Profile-Name');
INSERT INTO "public"."radreply" VALUES ('19', '2018-05-28 19:17:34-05', '2018-05-28 19:17:34-05', '123456789090', '123456789090', '+=', 'Huawei-User-Mac');
INSERT INTO "public"."radreply" VALUES ('20', '2018-05-28 19:17:34-05', '2018-05-28 19:17:34-05', '123456789090', '123456789090', '+=', 'Huawei-Down-QOS-Profile-Name');
INSERT INTO "public"."radreply" VALUES ('21', '2018-05-28 19:17:34-05', '2018-05-28 19:17:34-05', '123456789090', '123456789090', '+=', 'Huawei-QOS-Profile-Name');
INSERT INTO "public"."radreply" VALUES ('22', '2018-05-28 19:39:03-05', '2018-05-28 19:39:03-05', '123456789091', '123456789091', '+=', 'Huawei-User-Mac');
INSERT INTO "public"."radreply" VALUES ('23', '2018-05-28 19:39:03-05', '2018-05-28 19:39:03-05', '123456789091', '123456789091', '+=', 'Huawei-Down-QOS-Profile-Name');
INSERT INTO "public"."radreply" VALUES ('24', '2018-05-28 19:39:03-05', '2018-05-28 19:39:03-05', '123456789091', '123456789091', '+=', 'Huawei-QOS-Profile-Name');
INSERT INTO "public"."radreply" VALUES ('25', '2018-05-28 20:31:47-05', '2018-05-28 20:31:47-05', 'ABCDE1323992', 'ABCDE1323992', '+=', 'Huawei-User-Mac');
INSERT INTO "public"."radreply" VALUES ('26', '2018-05-28 20:31:47-05', '2018-05-28 20:31:47-05', 'ABCDE1323992', 'ABCDE1323992', '+=', 'Huawei-Down-QOS-Profile-Name');
INSERT INTO "public"."radreply" VALUES ('27', '2018-05-28 20:31:47-05', '2018-05-28 20:31:47-05', 'ABCDE1323992', 'ABCDE1323992', '+=', 'Huawei-QOS-Profile-Name');
INSERT INTO "public"."radreply" VALUES ('28', '2018-05-28 22:17:23-05', '2018-05-28 22:17:23-05', 'ABCDE1323294', 'ABCDE1323294', '+=', 'Huawei-User-Mac');
INSERT INTO "public"."radreply" VALUES ('29', '2018-05-28 22:17:23-05', '2018-05-28 22:17:23-05', 'ABCDE1323294', 'ABCDE1323294', '+=', 'Huawei-Down-QOS-Profile-Name');
INSERT INTO "public"."radreply" VALUES ('30', '2018-05-28 22:17:23-05', '2018-05-28 22:17:23-05', 'ABCDE1323294', 'ABCDE1323294', '+=', 'Huawei-QOS-Profile-Name');
INSERT INTO "public"."radreply" VALUES ('31', '2018-06-04 16:01:17-05', '2018-06-04 16:01:17-05', '123456789000', '12:34:56:78:90:00', '+=', 'Huawei-User-Mac');
INSERT INTO "public"."radreply" VALUES ('32', '2018-06-04 16:01:17-05', '2018-06-04 16:01:17-05', '123456789000', '3GB-20Mbps', '+=', 'Huawei-Down-QOS-Profile-Name');
INSERT INTO "public"."radreply" VALUES ('33', '2018-06-04 16:01:17-05', '2018-06-04 16:01:17-05', '123456789000', '3GB-10Mbps', '+=', 'Huawei-QOS-Profile-Name');
INSERT INTO "public"."radreply" VALUES ('34', '2018-06-04 17:51:39-05', '2018-06-04 17:51:39-05', '111222333444', '11:12:22:33:34:44', '+=', 'Huawei-User-Mac');
INSERT INTO "public"."radreply" VALUES ('35', '2018-06-04 17:51:39-05', '2018-06-04 17:51:39-05', '111222333444', '3GB-10Mbps', '+=', 'Huawei-Down-QOS-Profile-Name');
INSERT INTO "public"."radreply" VALUES ('36', '2018-06-04 17:51:39-05', '2018-06-04 17:51:39-05', '111222333444', '3GB-10Mbps', '+=', 'Huawei-QOS-Profile-Name');
INSERT INTO "public"."radreply" VALUES ('37', '2018-06-04 17:53:15-05', '2018-06-04 17:53:15-05', '443322116655', '44:33:22:11:66:55', '+=', 'Huawei-User-Mac');
INSERT INTO "public"."radreply" VALUES ('38', '2018-06-04 17:53:15-05', '2018-06-04 17:53:15-05', '443322116655', '3GB-10Mbps', '+=', 'Huawei-Down-QOS-Profile-Name');
INSERT INTO "public"."radreply" VALUES ('39', '2018-06-04 17:53:15-05', '2018-06-04 17:53:15-05', '443322116655', '3GB-10Mbps', '+=', 'Huawei-QOS-Profile-Name');
INSERT INTO "public"."radreply" VALUES ('40', '2018-06-04 21:19:58-05', '2018-06-04 21:19:58-05', '123123123123', '12:31:23:12:31:23', '+=', 'Huawei-User-Mac');
INSERT INTO "public"."radreply" VALUES ('41', '2018-06-04 21:19:58-05', '2018-06-04 21:19:58-05', '123123123123', '3GB-20Mbps', '+=', 'Huawei-Down-QOS-Profile-Name');
INSERT INTO "public"."radreply" VALUES ('42', '2018-06-04 21:19:58-05', '2018-06-04 21:19:58-05', '123123123123', '3GB-10Mbps', '+=', 'Huawei-QOS-Profile-Name');
INSERT INTO "public"."radreply" VALUES ('43', '2018-06-04 22:28:12-05', '2018-06-04 22:28:12-05', '999888777666', '99:98:88:77:76:66', '+=', 'Huawei-User-Mac');
INSERT INTO "public"."radreply" VALUES ('44', '2018-06-04 22:28:12-05', '2018-06-04 22:28:12-05', '999888777666', '3GB-10Mbps', '+=', 'Huawei-Down-QOS-Profile-Name');
INSERT INTO "public"."radreply" VALUES ('45', '2018-06-04 22:28:12-05', '2018-06-04 22:28:12-05', '999888777666', '3GB-10Mbps', '+=', 'Huawei-QOS-Profile-Name');
INSERT INTO "public"."radreply" VALUES ('46', '2018-06-04 22:30:02-05', '2018-06-04 22:30:02-05', '999888777666', '99:98:88:77:76:66', '+=', 'Huawei-User-Mac');
INSERT INTO "public"."radreply" VALUES ('47', '2018-06-04 22:30:02-05', '2018-06-04 22:30:02-05', '999888777666', '3GB-10Mbps', '+=', 'Huawei-Down-QOS-Profile-Name');
INSERT INTO "public"."radreply" VALUES ('48', '2018-06-04 22:30:02-05', '2018-06-04 22:30:02-05', '999888777666', '3GB-10Mbps', '+=', 'Huawei-QOS-Profile-Name');
INSERT INTO "public"."radreply" VALUES ('49', '2018-06-04 22:33:00-05', '2018-06-04 22:33:00-05', '666555444333', '66:65:55:44:43:33', '+=', 'Huawei-User-Mac');
INSERT INTO "public"."radreply" VALUES ('50', '2018-06-04 22:33:00-05', '2018-06-04 22:33:00-05', '666555444333', '3GB-10Mbps', '+=', 'Huawei-Down-QOS-Profile-Name');
INSERT INTO "public"."radreply" VALUES ('51', '2018-06-04 22:33:00-05', '2018-06-04 22:33:00-05', '666555444333', '3GB-10Mbps', '+=', 'Huawei-QOS-Profile-Name');
INSERT INTO "public"."radreply" VALUES ('52', '2018-06-04 23:03:53-05', '2018-06-04 23:03:53-05', 'B4FBF98E9C76', 'B4:FB:F9:8E:9C:76', '+=', 'Huawei-User-Mac');
INSERT INTO "public"."radreply" VALUES ('53', '2018-06-04 23:03:53-05', '2018-06-04 23:03:53-05', 'B4FBF98E9C76', '3GB-20Mbps', '+=', 'Huawei-Down-QOS-Profile-Name');
INSERT INTO "public"."radreply" VALUES ('54', '2018-06-04 23:03:53-05', '2018-06-04 23:03:53-05', 'B4FBF98E9C76', '3GB-10Mbps', '+=', 'Huawei-QOS-Profile-Name');
INSERT INTO "public"."radreply" VALUES ('55', '2018-06-04 23:05:31-05', '2018-06-04 23:05:31-05', 'B4FBF98E9C76', 'B4:FB:F9:8E:9C:76', '+=', 'Huawei-User-Mac');
INSERT INTO "public"."radreply" VALUES ('56', '2018-06-04 23:05:31-05', '2018-06-04 23:05:31-05', 'B4FBF98E9C76', '3GB-10Mbps', '+=', 'Huawei-Down-QOS-Profile-Name');
INSERT INTO "public"."radreply" VALUES ('57', '2018-06-04 23:05:31-05', '2018-06-04 23:05:31-05', 'B4FBF98E9C76', '3GB-10Mbps', '+=', 'Huawei-QOS-Profile-Name');
INSERT INTO "public"."radreply" VALUES ('58', '2018-06-05 15:07:19-05', '2018-06-05 15:07:19-05', '111222333444', '11:12:22:33:34:44', '+=', 'Huawei-User-Mac');
INSERT INTO "public"."radreply" VALUES ('59', '2018-06-05 15:07:19-05', '2018-06-05 15:07:19-05', '111222333444', '3GB-10Mbps', '+=', 'Huawei-Down-QOS-Profile-Name');
INSERT INTO "public"."radreply" VALUES ('60', '2018-06-05 15:07:19-05', '2018-06-05 15:07:19-05', '111222333444', '3GB-10Mbps', '+=', 'Huawei-QOS-Profile-Name');
INSERT INTO "public"."radreply" VALUES ('61', '2018-06-06 16:18:53-05', '2018-06-06 16:18:53-05', '111222333444', '11:12:22:33:34:44', '+=', 'Huawei-User-Mac');
INSERT INTO "public"."radreply" VALUES ('62', '2018-06-06 16:18:53-05', '2018-06-06 16:18:53-05', '111222333444', '3GB-10Mbps', '+=', 'Huawei-Down-QOS-Profile-Name');
INSERT INTO "public"."radreply" VALUES ('63', '2018-06-06 16:18:53-05', '2018-06-06 16:18:53-05', '111222333444', '3GB-10Mbps', '+=', 'Huawei-QOS-Profile-Name');
INSERT INTO "public"."radreply" VALUES ('64', '2018-06-06 17:18:03-05', '2018-06-06 17:18:03-05', '555444666333', '55:54:44:66:63:33', '+=', 'Huawei-User-Mac');
INSERT INTO "public"."radreply" VALUES ('65', '2018-06-06 17:18:03-05', '2018-06-06 17:18:03-05', '555444666333', '3GB-10Mbps', '+=', 'Huawei-Down-QOS-Profile-Name');
INSERT INTO "public"."radreply" VALUES ('66', '2018-06-06 17:18:03-05', '2018-06-06 17:18:03-05', '555444666333', '3GB-10Mbps', '+=', 'Huawei-QOS-Profile-Name');
INSERT INTO "public"."radreply" VALUES ('67', '2018-06-06 20:29:45-05', '2018-06-06 20:29:45-05', '8014A8992E89', '80:14:A8:99:2E:89', '+=', 'Huawei-User-Mac');
INSERT INTO "public"."radreply" VALUES ('68', '2018-06-06 20:29:45-05', '2018-06-06 20:29:45-05', '8014A8992E89', '20M-10Mdown', '+=', 'Huawei-Down-QOS-Profile-Name');
INSERT INTO "public"."radreply" VALUES ('69', '2018-06-06 20:29:45-05', '2018-06-06 20:29:45-05', '8014A8992E89', '20M-10Mup', '+=', 'Huawei-QOS-Profile-Name');
INSERT INTO "public"."radreply" VALUES ('88', '2018-06-22 17:53:09-05', '2018-06-22 17:53:09-05', 'FFCCEEBB0001', 'FF:CC:EE:BB:00:01', '+=', 'Huawei-User-Mac');
INSERT INTO "public"."radreply" VALUES ('89', '2018-06-22 17:53:09-05', '2018-06-22 17:53:09-05', 'FFCCEEBB0001', '300M-150Mdown', '+=', 'Huawei-Down-QOS-Profile-Name');
INSERT INTO "public"."radreply" VALUES ('90', '2018-06-22 17:53:09-05', '2018-06-22 17:53:09-05', 'FFCCEEBB0001', '300M-150Mup', '+=', 'Huawei-QOS-Profile-Name');
INSERT INTO "public"."radreply" VALUES ('91', '2018-06-22 17:56:30-05', '2018-06-22 17:56:30-05', 'ABCDEF123467', 'AB:CD:EF:12:34:67', '+=', 'Huawei-User-Mac');
INSERT INTO "public"."radreply" VALUES ('92', '2018-06-22 17:56:30-05', '2018-06-22 17:56:30-05', 'ABCDEF123467', '10M-5Mdown', '+=', 'Huawei-Down-QOS-Profile-Name');
INSERT INTO "public"."radreply" VALUES ('93', '2018-06-22 17:56:30-05', '2018-06-22 17:56:30-05', 'ABCDEF123467', '10M-5Mup', '+=', 'Huawei-QOS-Profile-Name');
INSERT INTO "public"."radreply" VALUES ('97', '2018-06-25 09:58:47-05', '2018-06-25 09:58:47-05', 'FFCCEEBB0001', 'FF:CC:EE:BB:00:01', '+=', 'Huawei-User-Mac');
INSERT INTO "public"."radreply" VALUES ('98', '2018-06-25 09:58:47-05', '2018-06-25 09:58:47-05', 'FFCCEEBB0001', '50M-25Mdown', '+=', 'Huawei-Down-QOS-Profile-Name');
INSERT INTO "public"."radreply" VALUES ('99', '2018-06-25 09:58:47-05', '2018-06-25 09:58:47-05', 'FFCCEEBB0001', '50M-25Mup', '+=', 'Huawei-QOS-Profile-Name');
INSERT INTO "public"."radreply" VALUES ('100', '2018-06-25 10:07:44-05', '2018-06-25 10:07:44-05', 'FFCCEEBB0001', 'FF:CC:EE:BB:00:01', '+=', 'Huawei-User-Mac');
INSERT INTO "public"."radreply" VALUES ('101', '2018-06-25 10:07:44-05', '2018-06-25 10:07:44-05', 'FFCCEEBB0001', '100M-50Mdown', '+=', 'Huawei-Down-QOS-Profile-Name');
INSERT INTO "public"."radreply" VALUES ('102', '2018-06-25 10:07:44-05', '2018-06-25 10:07:44-05', 'FFCCEEBB0001', '100M-50Mup', '+=', 'Huawei-QOS-Profile-Name');
INSERT INTO "public"."radreply" VALUES ('133', '2018-06-27 15:59:48-05', '2018-06-27 15:59:48-05', '00112233EF04', '00:11:22:33:EF:04', '+=', 'Huawei-User-Mac');
INSERT INTO "public"."radreply" VALUES ('134', '2018-06-27 15:59:48-05', '2018-06-27 15:59:48-05', '00112233EF04', '100M-50Mdown', '+=', 'Huawei-Down-QOS-Profile-Name');
INSERT INTO "public"."radreply" VALUES ('135', '2018-06-27 15:59:48-05', '2018-06-27 15:59:48-05', '00112233EF04', '100M-50Mup', '+=', 'Huawei-QOS-Profile-Name');
INSERT INTO "public"."radreply" VALUES ('139', '2018-06-28 12:59:04-05', '2018-06-28 12:59:04-05', '01020303AABC', '01:02:03:03:AA:BC', '+=', 'Huawei-User-Mac');
INSERT INTO "public"."radreply" VALUES ('140', '2018-06-28 12:59:04-05', '2018-06-28 12:59:04-05', '01020303AABC', '100M-50Mdown', '+=', 'Huawei-Down-QOS-Profile-Name');
INSERT INTO "public"."radreply" VALUES ('141', '2018-06-28 12:59:04-05', '2018-06-28 12:59:04-05', '01020303AABC', '100M-50Mup', '+=', 'Huawei-QOS-Profile-Name');
INSERT INTO "public"."radreply" VALUES ('142', '2018-06-28 15:56:46-05', '2018-06-28 15:56:46-05', 'C4FF1F55773B', 'C4:FF:1F:55:77:3B', '+=', 'Huawei-User-Mac');
INSERT INTO "public"."radreply" VALUES ('143', '2018-06-28 15:56:46-05', '2018-06-28 15:56:46-05', 'C4FF1F55773B', '100M-50Mdown', '+=', 'Huawei-Down-QOS-Profile-Name');
INSERT INTO "public"."radreply" VALUES ('144', '2018-06-28 15:56:46-05', '2018-06-28 15:56:46-05', 'C4FF1F55773B', '100M-50Mup', '+=', 'Huawei-QOS-Profile-Name');

-- ----------------------------
-- Table structure for "public"."radusergroup"
-- ----------------------------
-- DROP TABLE "public"."radusergroup";
CREATE TABLE "public"."radusergroup" (
"id" int4 NOT NULL,
"created" timestamptz(6) NOT NULL,
"modified" timestamptz(6) NOT NULL,
"username" varchar(64) NOT NULL,
"groupname" varchar(64) NOT NULL,
"priority" int4 NOT NULL
)
WITH (OIDS=FALSE)

;

-- ----------------------------
-- Records of radusergroup
-- ----------------------------
INSERT INTO "public"."radusergroup" VALUES ('1', '2018-05-03 14:46:33.674699-05', '2018-05-14 17:09:58.963054-05', '48575443FC0EED9A@iway', 'netdial', '1');
INSERT INTO "public"."radusergroup" VALUES ('3', '2018-05-03 16:36:18.24488-05', '2018-05-14 17:09:50.541964-05', '485754439B9D239B@iway', 'netdial', '1');
INSERT INTO "public"."radusergroup" VALUES ('4', '2018-05-03 16:43:12.741936-05', '2018-05-14 17:09:39.501272-05', '4857544383243F9B@iway', 'netdial', '1');
INSERT INTO "public"."radusergroup" VALUES ('5', '2018-05-14 17:44:21.649285-05', '2018-05-14 17:44:21.650436-05', 'C4FF1F557FB6', 'netdial', '1');

-- ----------------------------
-- Alter Sequences Owned By 
-- ----------------------------

-- ----------------------------
-- Indexes structure for table auth_group
-- ----------------------------
CREATE INDEX "auth_group_name_a6ea08ec_like" ON "public"."auth_group" USING btree ("name" "pg_catalog"."varchar_pattern_ops");

-- ----------------------------
-- Uniques structure for table "public"."auth_group"
-- ----------------------------
ALTER TABLE "public"."auth_group" ADD UNIQUE ("name");

-- ----------------------------
-- Primary Key structure for table "public"."auth_group"
-- ----------------------------
ALTER TABLE "public"."auth_group" ADD PRIMARY KEY ("id");

-- ----------------------------
-- Indexes structure for table auth_group_permissions
-- ----------------------------
CREATE INDEX "auth_group_permissions_group_id_b120cbf9" ON "public"."auth_group_permissions" USING btree ("group_id");
CREATE INDEX "auth_group_permissions_permission_id_84c5c92e" ON "public"."auth_group_permissions" USING btree ("permission_id");

-- ----------------------------
-- Uniques structure for table "public"."auth_group_permissions"
-- ----------------------------
ALTER TABLE "public"."auth_group_permissions" ADD UNIQUE ("group_id", "permission_id");

-- ----------------------------
-- Primary Key structure for table "public"."auth_group_permissions"
-- ----------------------------
ALTER TABLE "public"."auth_group_permissions" ADD PRIMARY KEY ("id");

-- ----------------------------
-- Indexes structure for table auth_permission
-- ----------------------------
CREATE INDEX "auth_permission_content_type_id_2f476e4b" ON "public"."auth_permission" USING btree ("content_type_id");

-- ----------------------------
-- Uniques structure for table "public"."auth_permission"
-- ----------------------------
ALTER TABLE "public"."auth_permission" ADD UNIQUE ("content_type_id", "codename");

-- ----------------------------
-- Primary Key structure for table "public"."auth_permission"
-- ----------------------------
ALTER TABLE "public"."auth_permission" ADD PRIMARY KEY ("id");

-- ----------------------------
-- Indexes structure for table auth_user
-- ----------------------------
CREATE INDEX "auth_user_username_6821ab7c_like" ON "public"."auth_user" USING btree ("username" "pg_catalog"."varchar_pattern_ops");

-- ----------------------------
-- Uniques structure for table "public"."auth_user"
-- ----------------------------
ALTER TABLE "public"."auth_user" ADD UNIQUE ("username");

-- ----------------------------
-- Primary Key structure for table "public"."auth_user"
-- ----------------------------
ALTER TABLE "public"."auth_user" ADD PRIMARY KEY ("id");

-- ----------------------------
-- Indexes structure for table auth_user_groups
-- ----------------------------
CREATE INDEX "auth_user_groups_group_id_97559544" ON "public"."auth_user_groups" USING btree ("group_id");
CREATE INDEX "auth_user_groups_user_id_6a12ed8b" ON "public"."auth_user_groups" USING btree ("user_id");

-- ----------------------------
-- Uniques structure for table "public"."auth_user_groups"
-- ----------------------------
ALTER TABLE "public"."auth_user_groups" ADD UNIQUE ("user_id", "group_id");

-- ----------------------------
-- Primary Key structure for table "public"."auth_user_groups"
-- ----------------------------
ALTER TABLE "public"."auth_user_groups" ADD PRIMARY KEY ("id");

-- ----------------------------
-- Indexes structure for table auth_user_user_permissions
-- ----------------------------
CREATE INDEX "auth_user_user_permissions_permission_id_1fbb5f2c" ON "public"."auth_user_user_permissions" USING btree ("permission_id");
CREATE INDEX "auth_user_user_permissions_user_id_a95ead1b" ON "public"."auth_user_user_permissions" USING btree ("user_id");

-- ----------------------------
-- Uniques structure for table "public"."auth_user_user_permissions"
-- ----------------------------
ALTER TABLE "public"."auth_user_user_permissions" ADD UNIQUE ("user_id", "permission_id");

-- ----------------------------
-- Primary Key structure for table "public"."auth_user_user_permissions"
-- ----------------------------
ALTER TABLE "public"."auth_user_user_permissions" ADD PRIMARY KEY ("id");

-- ----------------------------
-- Indexes structure for table django_admin_log
-- ----------------------------
CREATE INDEX "django_admin_log_content_type_id_c4bce8eb" ON "public"."django_admin_log" USING btree ("content_type_id");
CREATE INDEX "django_admin_log_user_id_c564eba6" ON "public"."django_admin_log" USING btree ("user_id");

-- ----------------------------
-- Checks structure for table "public"."django_admin_log"
-- ----------------------------
ALTER TABLE "public"."django_admin_log" ADD CHECK (action_flag >= 0);

-- ----------------------------
-- Primary Key structure for table "public"."django_admin_log"
-- ----------------------------
ALTER TABLE "public"."django_admin_log" ADD PRIMARY KEY ("id");

-- ----------------------------
-- Uniques structure for table "public"."django_content_type"
-- ----------------------------
ALTER TABLE "public"."django_content_type" ADD UNIQUE ("app_label", "model");

-- ----------------------------
-- Primary Key structure for table "public"."django_content_type"
-- ----------------------------
ALTER TABLE "public"."django_content_type" ADD PRIMARY KEY ("id");

-- ----------------------------
-- Primary Key structure for table "public"."django_migrations"
-- ----------------------------
ALTER TABLE "public"."django_migrations" ADD PRIMARY KEY ("id");

-- ----------------------------
-- Indexes structure for table django_session
-- ----------------------------
CREATE INDEX "django_session_expire_date_a5c62663" ON "public"."django_session" USING btree ("expire_date");
CREATE INDEX "django_session_session_key_c0390e0f_like" ON "public"."django_session" USING btree ("session_key" "pg_catalog"."varchar_pattern_ops");

-- ----------------------------
-- Primary Key structure for table "public"."django_session"
-- ----------------------------
ALTER TABLE "public"."django_session" ADD PRIMARY KEY ("session_key");

-- ----------------------------
-- Indexes structure for table nas
-- ----------------------------
CREATE INDEX "nas_nasname_2a874c39" ON "public"."nas" USING btree ("nasname");
CREATE INDEX "nas_nasname_2a874c39_like" ON "public"."nas" USING btree ("nasname" "pg_catalog"."varchar_pattern_ops");

-- ----------------------------
-- Checks structure for table "public"."nas"
-- ----------------------------
ALTER TABLE "public"."nas" ADD CHECK (ports >= 0);

-- ----------------------------
-- Primary Key structure for table "public"."nas"
-- ----------------------------
ALTER TABLE "public"."nas" ADD PRIMARY KEY ("id");

-- ----------------------------
-- Indexes structure for table radacct
-- ----------------------------
CREATE INDEX "radacct_acctsessionid_67584b28" ON "public"."radacct" USING btree ("acctsessionid");
CREATE INDEX "radacct_acctsessionid_67584b28_like" ON "public"."radacct" USING btree ("acctsessionid" "pg_catalog"."varchar_pattern_ops");
CREATE INDEX "radacct_acctstarttime_3e3f73a6" ON "public"."radacct" USING btree ("acctstarttime");
CREATE INDEX "radacct_acctstoptime_edf090cf" ON "public"."radacct" USING btree ("acctstoptime");
CREATE INDEX "radacct_acctuniqueid_d5e462ac_like" ON "public"."radacct" USING btree ("acctuniqueid" "pg_catalog"."varchar_pattern_ops");
CREATE INDEX "radacct_framedipaddress_e33f29dc" ON "public"."radacct" USING btree ("framedipaddress");
CREATE INDEX "radacct_nasipaddress_130a761d" ON "public"."radacct" USING btree ("nasipaddress");
CREATE INDEX "radacct_username_2b99049d" ON "public"."radacct" USING btree ("username");
CREATE INDEX "radacct_username_2b99049d_like" ON "public"."radacct" USING btree ("username" "pg_catalog"."varchar_pattern_ops");

-- ----------------------------
-- Uniques structure for table "public"."radacct"
-- ----------------------------
ALTER TABLE "public"."radacct" ADD UNIQUE ("acctuniqueid");

-- ----------------------------
-- Checks structure for table "public"."radacct"
-- ----------------------------
ALTER TABLE "public"."radacct" ADD CHECK (acctsessiontime >= 0);

-- ----------------------------
-- Primary Key structure for table "public"."radacct"
-- ----------------------------
ALTER TABLE "public"."radacct" ADD PRIMARY KEY ("radacctid");

-- ----------------------------
-- Indexes structure for table radcheck
-- ----------------------------
CREATE INDEX "radcheck_username_761f015c" ON "public"."radcheck" USING btree ("username");
CREATE INDEX "radcheck_username_761f015c_like" ON "public"."radcheck" USING btree ("username" "pg_catalog"."varchar_pattern_ops");

-- ----------------------------
-- Primary Key structure for table "public"."radcheck"
-- ----------------------------
ALTER TABLE "public"."radcheck" ADD PRIMARY KEY ("id");

-- ----------------------------
-- Indexes structure for table radgroupcheck
-- ----------------------------
CREATE INDEX "radgroupcheck_groupname_e379d2bb" ON "public"."radgroupcheck" USING btree ("groupname");
CREATE INDEX "radgroupcheck_groupname_e379d2bb_like" ON "public"."radgroupcheck" USING btree ("groupname" "pg_catalog"."varchar_pattern_ops");

-- ----------------------------
-- Primary Key structure for table "public"."radgroupcheck"
-- ----------------------------
ALTER TABLE "public"."radgroupcheck" ADD PRIMARY KEY ("id");

-- ----------------------------
-- Indexes structure for table radgroupreply
-- ----------------------------
CREATE INDEX "radgroupreply_groupname_47789679" ON "public"."radgroupreply" USING btree ("groupname");
CREATE INDEX "radgroupreply_groupname_47789679_like" ON "public"."radgroupreply" USING btree ("groupname" "pg_catalog"."varchar_pattern_ops");

-- ----------------------------
-- Primary Key structure for table "public"."radgroupreply"
-- ----------------------------
ALTER TABLE "public"."radgroupreply" ADD PRIMARY KEY ("id");

-- ----------------------------
-- Indexes structure for table radiusgroup
-- ----------------------------
CREATE INDEX "radiusgroup_groupname_f256e50c_like" ON "public"."radiusgroup" USING btree ("groupname" "pg_catalog"."varchar_pattern_ops");

-- ----------------------------
-- Uniques structure for table "public"."radiusgroup"
-- ----------------------------
ALTER TABLE "public"."radiusgroup" ADD UNIQUE ("groupname");

-- ----------------------------
-- Primary Key structure for table "public"."radiusgroup"
-- ----------------------------
ALTER TABLE "public"."radiusgroup" ADD PRIMARY KEY ("id");

-- ----------------------------
-- Indexes structure for table radiusgroupusers
-- ----------------------------
CREATE INDEX "radiusgroupusers_groupname_fea3d421_like" ON "public"."radiusgroupusers" USING btree ("groupname" "pg_catalog"."varchar_pattern_ops");
CREATE INDEX "radiusgroupusers_username_54cd4c96_like" ON "public"."radiusgroupusers" USING btree ("username" "pg_catalog"."varchar_pattern_ops");

-- ----------------------------
-- Uniques structure for table "public"."radiusgroupusers"
-- ----------------------------
ALTER TABLE "public"."radiusgroupusers" ADD UNIQUE ("groupname");
ALTER TABLE "public"."radiusgroupusers" ADD UNIQUE ("username");

-- ----------------------------
-- Primary Key structure for table "public"."radiusgroupusers"
-- ----------------------------
ALTER TABLE "public"."radiusgroupusers" ADD PRIMARY KEY ("id");

-- ----------------------------
-- Indexes structure for table radiusgroupusers_radius_check
-- ----------------------------
CREATE INDEX "radiusgroupusers_radius_check_radiuscheck_id_a108e593" ON "public"."radiusgroupusers_radius_check" USING btree ("radiuscheck_id");
CREATE INDEX "radiusgroupusers_radius_check_radiusgroupusers_id_9adc0480" ON "public"."radiusgroupusers_radius_check" USING btree ("radiusgroupusers_id");

-- ----------------------------
-- Uniques structure for table "public"."radiusgroupusers_radius_check"
-- ----------------------------
ALTER TABLE "public"."radiusgroupusers_radius_check" ADD UNIQUE ("radiusgroupusers_id", "radiuscheck_id");

-- ----------------------------
-- Primary Key structure for table "public"."radiusgroupusers_radius_check"
-- ----------------------------
ALTER TABLE "public"."radiusgroupusers_radius_check" ADD PRIMARY KEY ("id");

-- ----------------------------
-- Indexes structure for table radiusgroupusers_radius_reply
-- ----------------------------
CREATE INDEX "radiusgroupusers_radius_reply_radiusgroupusers_id_7cfd8b12" ON "public"."radiusgroupusers_radius_reply" USING btree ("radiusgroupusers_id");
CREATE INDEX "radiusgroupusers_radius_reply_radiusreply_id_7df089b5" ON "public"."radiusgroupusers_radius_reply" USING btree ("radiusreply_id");

-- ----------------------------
-- Uniques structure for table "public"."radiusgroupusers_radius_reply"
-- ----------------------------
ALTER TABLE "public"."radiusgroupusers_radius_reply" ADD UNIQUE ("radiusgroupusers_id", "radiusreply_id");

-- ----------------------------
-- Primary Key structure for table "public"."radiusgroupusers_radius_reply"
-- ----------------------------
ALTER TABLE "public"."radiusgroupusers_radius_reply" ADD PRIMARY KEY ("id");

-- ----------------------------
-- Primary Key structure for table "public"."radpostauth"
-- ----------------------------
ALTER TABLE "public"."radpostauth" ADD PRIMARY KEY ("id");

-- ----------------------------
-- Indexes structure for table radreply
-- ----------------------------
CREATE INDEX "radreply_username_e78f923c" ON "public"."radreply" USING btree ("username");
CREATE INDEX "radreply_username_e78f923c_like" ON "public"."radreply" USING btree ("username" "pg_catalog"."varchar_pattern_ops");

-- ----------------------------
-- Primary Key structure for table "public"."radreply"
-- ----------------------------
ALTER TABLE "public"."radreply" ADD PRIMARY KEY ("id");

-- ----------------------------
-- Indexes structure for table radusergroup
-- ----------------------------
CREATE INDEX "radusergroup_username_743b42e3" ON "public"."radusergroup" USING btree ("username");
CREATE INDEX "radusergroup_username_743b42e3_like" ON "public"."radusergroup" USING btree ("username" "pg_catalog"."varchar_pattern_ops");

-- ----------------------------
-- Primary Key structure for table "public"."radusergroup"
-- ----------------------------
ALTER TABLE "public"."radusergroup" ADD PRIMARY KEY ("id");

-- ----------------------------
-- Foreign Key structure for table "public"."auth_group_permissions"
-- ----------------------------
ALTER TABLE "public"."auth_group_permissions" ADD FOREIGN KEY ("permission_id") REFERENCES "public"."auth_permission" ("id") ON DELETE NO ACTION ON UPDATE NO ACTION DEFERRABLE INITIALLY DEFERRED;
ALTER TABLE "public"."auth_group_permissions" ADD FOREIGN KEY ("group_id") REFERENCES "public"."auth_group" ("id") ON DELETE NO ACTION ON UPDATE NO ACTION DEFERRABLE INITIALLY DEFERRED;

-- ----------------------------
-- Foreign Key structure for table "public"."auth_permission"
-- ----------------------------
ALTER TABLE "public"."auth_permission" ADD FOREIGN KEY ("content_type_id") REFERENCES "public"."django_content_type" ("id") ON DELETE NO ACTION ON UPDATE NO ACTION DEFERRABLE INITIALLY DEFERRED;

-- ----------------------------
-- Foreign Key structure for table "public"."auth_user_groups"
-- ----------------------------
ALTER TABLE "public"."auth_user_groups" ADD FOREIGN KEY ("group_id") REFERENCES "public"."auth_group" ("id") ON DELETE NO ACTION ON UPDATE NO ACTION DEFERRABLE INITIALLY DEFERRED;
ALTER TABLE "public"."auth_user_groups" ADD FOREIGN KEY ("user_id") REFERENCES "public"."auth_user" ("id") ON DELETE NO ACTION ON UPDATE NO ACTION DEFERRABLE INITIALLY DEFERRED;

-- ----------------------------
-- Foreign Key structure for table "public"."auth_user_user_permissions"
-- ----------------------------
ALTER TABLE "public"."auth_user_user_permissions" ADD FOREIGN KEY ("user_id") REFERENCES "public"."auth_user" ("id") ON DELETE NO ACTION ON UPDATE NO ACTION DEFERRABLE INITIALLY DEFERRED;
ALTER TABLE "public"."auth_user_user_permissions" ADD FOREIGN KEY ("permission_id") REFERENCES "public"."auth_permission" ("id") ON DELETE NO ACTION ON UPDATE NO ACTION DEFERRABLE INITIALLY DEFERRED;

-- ----------------------------
-- Foreign Key structure for table "public"."django_admin_log"
-- ----------------------------
ALTER TABLE "public"."django_admin_log" ADD FOREIGN KEY ("user_id") REFERENCES "public"."auth_user" ("id") ON DELETE NO ACTION ON UPDATE NO ACTION DEFERRABLE INITIALLY DEFERRED;
ALTER TABLE "public"."django_admin_log" ADD FOREIGN KEY ("content_type_id") REFERENCES "public"."django_content_type" ("id") ON DELETE NO ACTION ON UPDATE NO ACTION DEFERRABLE INITIALLY DEFERRED;

-- ----------------------------
-- Foreign Key structure for table "public"."radiusgroupusers_radius_check"
-- ----------------------------
ALTER TABLE "public"."radiusgroupusers_radius_check" ADD FOREIGN KEY ("radiusgroupusers_id") REFERENCES "public"."radiusgroupusers" ("id") ON DELETE NO ACTION ON UPDATE NO ACTION DEFERRABLE INITIALLY DEFERRED;
ALTER TABLE "public"."radiusgroupusers_radius_check" ADD FOREIGN KEY ("radiuscheck_id") REFERENCES "public"."radcheck" ("id") ON DELETE NO ACTION ON UPDATE NO ACTION DEFERRABLE INITIALLY DEFERRED;

-- ----------------------------
-- Foreign Key structure for table "public"."radiusgroupusers_radius_reply"
-- ----------------------------
ALTER TABLE "public"."radiusgroupusers_radius_reply" ADD FOREIGN KEY ("radiusreply_id") REFERENCES "public"."radreply" ("id") ON DELETE NO ACTION ON UPDATE NO ACTION DEFERRABLE INITIALLY DEFERRED;
ALTER TABLE "public"."radiusgroupusers_radius_reply" ADD FOREIGN KEY ("radiusgroupusers_id") REFERENCES "public"."radiusgroupusers" ("id") ON DELETE NO ACTION ON UPDATE NO ACTION DEFERRABLE INITIALLY DEFERRED;
